Last updated on 2025-10-31 02:50:33 CET.
| Flavor | Version | Tinstall | Tcheck | Ttotal | Status | Flags | 
|---|---|---|---|---|---|---|
| r-devel-linux-x86_64-debian-clang | 1.1.3 | 22.15 | 91.78 | 113.93 | NOTE | |
| r-devel-linux-x86_64-debian-gcc | 1.1.3 | 17.97 | 68.57 | 86.54 | NOTE | |
| r-devel-linux-x86_64-fedora-clang | 1.1.3 | 59.00 | 119.98 | 178.98 | OK | |
| r-devel-linux-x86_64-fedora-gcc | 1.1.3 | 43.00 | 134.88 | 177.88 | OK | |
| r-devel-windows-x86_64 | 1.1.3 | 25.00 | 93.00 | 118.00 | OK | |
| r-patched-linux-x86_64 | 1.1.3 | 20.71 | 87.81 | 108.52 | OK | |
| r-release-linux-x86_64 | 1.1.3 | 19.32 | 86.50 | 105.82 | OK | |
| r-release-macos-arm64 | 1.1.3 | 17.00 | 52.00 | 69.00 | OK | |
| r-release-macos-x86_64 | 1.1.3 | 23.00 | 81.00 | 104.00 | OK | |
| r-release-windows-x86_64 | 1.1.3 | 25.00 | 95.00 | 120.00 | OK | |
| r-oldrel-macos-arm64 | 1.1.3 | 15.00 | 39.00 | 54.00 | NOTE | |
| r-oldrel-macos-x86_64 | 1.1.3 | 16.00 | 65.00 | 81.00 | NOTE | |
| r-oldrel-windows-x86_64 | 1.1.3 | 30.00 | 121.00 | 151.00 | OK | 
Version: 1.1.3
Check: CRAN incoming feasibility
Result: NOTE
  Maintainer: ‘H. Battey <h.battey@imperial.ac.uk>’
  
  No Authors@R field in DESCRIPTION.
  Please add one, modifying
    Authors@R: c(person(given = c("H.", "H."),
                        family = "Hoeltgebaum",
                        role = "aut"),
                 person(given = "H.",
                        family = "Battey",
                        role = "cre",
                        email = "h.battey@imperial.ac.uk"))
  as necessary.
Flavors: r-devel-linux-x86_64-debian-clang, r-devel-linux-x86_64-debian-gcc
Version: 1.1.3
Check: installed package size
Result: NOTE
    installed size is  5.1Mb
    sub-directories of 1Mb or more:
      data   4.7Mb
Flavors: r-oldrel-macos-arm64, r-oldrel-macos-x86_64