Last updated on 2025-05-07 03:51:02 CEST.
Flavor | Version | Tinstall | Tcheck | Ttotal | Status | Flags |
---|---|---|---|---|---|---|
r-devel-linux-x86_64-debian-clang | 2.7.4 | 13.38 | 120.60 | 133.98 | NOTE | |
r-devel-linux-x86_64-debian-gcc | 2.7.4 | 8.50 | 82.94 | 91.44 | NOTE | |
r-devel-linux-x86_64-fedora-clang | 2.7.4 | 215.83 | NOTE | |||
r-devel-linux-x86_64-fedora-gcc | 2.7.4 | 195.17 | NOTE | |||
r-devel-windows-x86_64 | 2.7.4 | 17.00 | 143.00 | 160.00 | NOTE | |
r-patched-linux-x86_64 | 2.7.4 | 11.39 | 112.60 | 123.99 | NOTE | |
r-release-linux-x86_64 | 2.7.4 | 11.07 | 112.25 | 123.32 | NOTE | |
r-release-macos-arm64 | 2.7.4 | 57.00 | NOTE | |||
r-release-macos-x86_64 | 2.7.4 | 108.00 | NOTE | |||
r-release-windows-x86_64 | 2.7.4 | 16.00 | 145.00 | 161.00 | NOTE | |
r-oldrel-macos-arm64 | 2.7.4 | 54.00 | NOTE | |||
r-oldrel-macos-x86_64 | 2.7.4 | 148.00 | NOTE | |||
r-oldrel-windows-x86_64 | 2.7.4 | 20.00 | 184.00 | 204.00 | NOTE |
Version: 2.7.4
Check: CRAN incoming feasibility
Result: NOTE
Maintainer: ‘Marco Notaro <marco.notaro@unimi.it>’
Package CITATION file contains call(s) to old-style citEntry(). Please
use bibentry() instead.
Flavors: r-devel-linux-x86_64-debian-clang, r-devel-linux-x86_64-debian-gcc
Version: 2.7.4
Check: C++ specification
Result: NOTE
Specified C++11: please drop specification unless essential
Flavors: r-devel-linux-x86_64-debian-clang, r-devel-linux-x86_64-debian-gcc, r-devel-linux-x86_64-fedora-clang, r-devel-linux-x86_64-fedora-gcc, r-devel-windows-x86_64, r-patched-linux-x86_64, r-release-linux-x86_64, r-release-macos-arm64, r-release-macos-x86_64, r-release-windows-x86_64, r-oldrel-macos-arm64, r-oldrel-macos-x86_64, r-oldrel-windows-x86_64