Last updated on 2025-10-31 02:50:33 CET.
| Flavor | Version | Tinstall | Tcheck | Ttotal | Status | Flags | 
|---|---|---|---|---|---|---|
| r-devel-linux-x86_64-debian-clang | 0.1.2 | 33.04 | 25.10 | 58.14 | WARN | |
| r-devel-linux-x86_64-debian-gcc | 0.1.2 | 18.38 | 20.26 | 38.64 | WARN | |
| r-devel-linux-x86_64-fedora-clang | 0.1.2 | 122.00 | -8.71 | 113.29 | NOTE | |
| r-devel-linux-x86_64-fedora-gcc | 0.1.2 | 64.00 | 21.63 | 85.63 | NOTE | |
| r-devel-windows-x86_64 | 0.1.2 | 39.00 | 58.00 | 97.00 | NOTE | |
| r-patched-linux-x86_64 | 0.1.2 | 30.86 | 23.81 | 54.67 | NOTE | |
| r-release-linux-x86_64 | 0.1.2 | 30.25 | 23.58 | 53.83 | NOTE | |
| r-release-macos-arm64 | 0.1.2 | 9.00 | 16.00 | 25.00 | NOTE | |
| r-release-macos-x86_64 | 0.1.2 | 13.00 | 30.00 | 43.00 | NOTE | |
| r-release-windows-x86_64 | 0.1.2 | 39.00 | 58.00 | 97.00 | NOTE | |
| r-oldrel-macos-arm64 | 0.1.2 | 10.00 | 15.00 | 25.00 | NOTE | |
| r-oldrel-macos-x86_64 | 0.1.2 | 12.00 | 20.00 | 32.00 | NOTE | |
| r-oldrel-windows-x86_64 | 0.1.2 | 46.00 | 71.00 | 117.00 | NOTE | 
Version: 0.1.2
Check: CRAN incoming feasibility
Result: NOTE
  Maintainer: ‘Jiwoong Kim <jwboys26@gmail.com>’
  
  The Description field contains
    inverse. See Kim (2017) <arXiv:1710.09663> for more details.
  Please refer to arXiv e-prints via their arXiv DOI <doi:10.48550/arXiv.YYMM.NNNNN>.
Flavors: r-devel-linux-x86_64-debian-clang, r-devel-linux-x86_64-debian-gcc
Version: 0.1.2
Check: whether package can be installed
Result: WARN
  Found the following significant warnings:
    /home/hornik/tmp/R.check/r-devel-clang/Work/build/Packages/RcppArmadillo/include/RcppArmadillo/version/arma.h:66:17: warning: Using fallback compilation with Armadillo 14.6.3. Please consider defining -DARMA_USE_CURRENT and also removing C++11 compilation directive. See GitHub issue #475 for more. [-W#pragma-messages]
  See ‘/home/hornik/tmp/R.check/r-devel-clang/Work/PKGS/HMMEsolver.Rcheck/00install.out’ for details.
  * used C compiler: ‘Debian clang version 19.1.7 (7)’
  * used C++ compiler: ‘Debian clang version 19.1.7 (7)’
Flavor: r-devel-linux-x86_64-debian-clang
Version: 0.1.2
Check: C++ specification
Result: NOTE
    Specified C++11: please drop specification unless essential
Flavors: r-devel-linux-x86_64-debian-clang, r-devel-linux-x86_64-debian-gcc, r-devel-linux-x86_64-fedora-clang, r-devel-linux-x86_64-fedora-gcc, r-devel-windows-x86_64, r-patched-linux-x86_64, r-release-linux-x86_64, r-release-macos-arm64, r-release-macos-x86_64, r-release-windows-x86_64, r-oldrel-macos-arm64, r-oldrel-macos-x86_64, r-oldrel-windows-x86_64
Version: 0.1.2
Check: whether package can be installed
Result: WARN
  Found the following significant warnings:
    /home/hornik/tmp/R.check/r-devel-gcc/Work/build/Packages/RcppArmadillo/include/RcppArmadillo/version/arma.h:66:199: note: ‘#pragma message: Using fallback compilation with Armadillo 14.6.3. Please consider defining -DARMA_USE_CURRENT and also removing C++11 compilation directive. See GitHub issue #475 for more.’
  See ‘/home/hornik/tmp/R.check/r-devel-gcc/Work/PKGS/HMMEsolver.Rcheck/00install.out’ for details.
  * used C compiler: ‘gcc-15 (Debian 15.2.0-4) 15.2.0’
  * used C++ compiler: ‘g++-15 (Debian 15.2.0-4) 15.2.0’
Flavor: r-devel-linux-x86_64-debian-gcc
Version: 0.1.2
Check: LazyData
Result: NOTE
    'LazyData' is specified without a 'data' directory
Flavors: r-oldrel-macos-arm64, r-oldrel-macos-x86_64, r-oldrel-windows-x86_64