Last updated on 2025-10-31 02:50:33 CET.
| Flavor | Version | Tinstall | Tcheck | Ttotal | Status | Flags | 
|---|---|---|---|---|---|---|
| r-devel-linux-x86_64-debian-clang | 0.1.6 | 21.57 | 78.32 | 99.89 | NOTE | |
| r-devel-linux-x86_64-debian-gcc | 0.1.6 | 15.97 | 57.55 | 73.52 | NOTE | |
| r-devel-linux-x86_64-fedora-clang | 0.1.6 | 95.00 | 65.93 | 160.93 | NOTE | |
| r-devel-linux-x86_64-fedora-gcc | 0.1.6 | 51.00 | 100.88 | 151.88 | NOTE | |
| r-devel-windows-x86_64 | 0.1.6 | 26.00 | 127.00 | 153.00 | NOTE | |
| r-patched-linux-x86_64 | 0.1.6 | 21.95 | 73.42 | 95.37 | NOTE | |
| r-release-linux-x86_64 | 0.1.6 | 21.66 | 73.97 | 95.63 | NOTE | |
| r-release-macos-arm64 | 0.1.6 | 13.00 | 41.00 | 54.00 | NOTE | |
| r-release-macos-x86_64 | 0.1.6 | 19.00 | 92.00 | 111.00 | NOTE | |
| r-release-windows-x86_64 | 0.1.6 | 25.00 | 130.00 | 155.00 | NOTE | |
| r-oldrel-macos-arm64 | 0.1.6 | 10.00 | 38.00 | 48.00 | NOTE | |
| r-oldrel-macos-x86_64 | 0.1.6 | 15.00 | 70.00 | 85.00 | NOTE | |
| r-oldrel-windows-x86_64 | 0.1.6 | 30.00 | 148.00 | 178.00 | NOTE | 
Version: 0.1.6
Check: CRAN incoming feasibility
Result: NOTE
  Maintainer: ‘Chu-Lan Michael Kao <chulankao@gmail.com>’
  
  No Authors@R field in DESCRIPTION.
  Please add one, modifying
    Authors@R: c(person(given = "Yang",
                        family = "Chen",
                        role = "aut"),
                 person(given = "Cheng-Der",
                        family = "Fuh",
                        role = "aut"),
                 person(given = "Chu-Lan",
                        family = "Kao",
                        role = "aut"),
                 person(given = c("S.", "C."),
                        family = "Kou.",
                        role = "aut"),
                 person(given = c("Chu-Lan", "Michael"),
                        family = "Kao",
                        role = "cre",
                        email = "chulankao@gmail.com"))
  as necessary.
Flavors: r-devel-linux-x86_64-debian-clang, r-devel-linux-x86_64-debian-gcc
Version: 0.1.6
Check: C++ specification
Result: NOTE
    Specified C++11: please drop specification unless essential
Flavors: r-devel-linux-x86_64-debian-clang, r-devel-linux-x86_64-debian-gcc, r-devel-linux-x86_64-fedora-clang, r-devel-linux-x86_64-fedora-gcc, r-devel-windows-x86_64, r-patched-linux-x86_64, r-release-linux-x86_64, r-release-macos-arm64, r-release-macos-x86_64, r-release-windows-x86_64, r-oldrel-macos-arm64, r-oldrel-macos-x86_64, r-oldrel-windows-x86_64
Version: 0.1.6
Check: LazyData
Result: NOTE
    'LazyData' is specified without a 'data' directory
Flavors: r-oldrel-macos-arm64, r-oldrel-macos-x86_64, r-oldrel-windows-x86_64