Last updated on 2025-05-04 03:50:55 CEST.
Flavor | Version | Tinstall | Tcheck | Ttotal | Status | Flags |
---|---|---|---|---|---|---|
r-devel-linux-x86_64-debian-clang | 1.0.2 | 36.07 | 283.01 | 319.08 | NOTE | |
r-devel-linux-x86_64-debian-gcc | 1.0.2 | 23.72 | 199.65 | 223.37 | NOTE | |
r-devel-linux-x86_64-fedora-clang | 1.0.2 | 542.70 | OK | |||
r-devel-linux-x86_64-fedora-gcc | 1.0.2 | 481.91 | OK | |||
r-devel-windows-x86_64 | 1.0.2 | 37.00 | 248.00 | 285.00 | OK | |
r-patched-linux-x86_64 | 1.0.2 | 34.55 | 262.61 | 297.16 | OK | |
r-release-linux-x86_64 | OK | |||||
r-release-macos-arm64 | 1.0.2 | 130.00 | OK | |||
r-release-macos-x86_64 | 1.0.2 | 233.00 | OK | |||
r-release-windows-x86_64 | 1.0.2 | 36.00 | 236.00 | 272.00 | OK | |
r-oldrel-macos-arm64 | 1.0.2 | 121.00 | OK | |||
r-oldrel-macos-x86_64 | 1.0.2 | 179.00 | OK | |||
r-oldrel-windows-x86_64 | 1.0.2 | 47.00 | 310.00 | 357.00 | OK |
Version: 1.0.2
Check: CRAN incoming feasibility
Result: NOTE
Maintainer: ‘W. Jenny Shi <wjennyshi@gmail.com>’
No Authors@R field in DESCRIPTION.
Please add one, modifying
Authors@R: c(person(given = c("W.", "Jenny"),
family = "Shi",
role = c("aut", "cre"),
email = "wjennyshi@gmail.com"),
person(given = "Pamela",
family = "Russell",
role = "aut"),
person(given = "Pratyaydipta",
family = "Rudra",
role = c("aut", "cre")),
person(given = "Brian",
family = "Vestal",
role = c("aut", "cre")),
person(given = "Katerina",
family = "Kechris",
role = "aut"),
person(given = "Laura",
family = "Saba",
role = "aut"))
as necessary.
Flavors: r-devel-linux-x86_64-debian-clang, r-devel-linux-x86_64-debian-gcc