Last updated on 2025-05-04 03:50:56 CEST.
Flavor | Version | Tinstall | Tcheck | Ttotal | Status | Flags |
---|---|---|---|---|---|---|
r-devel-linux-x86_64-debian-clang | 1.2.1 | 3.81 | 33.74 | 37.55 | NOTE | |
r-devel-linux-x86_64-debian-gcc | 1.2.1 | 3.67 | 26.51 | 30.18 | NOTE | |
r-devel-linux-x86_64-fedora-clang | 1.2.1 | 57.69 | OK | |||
r-devel-linux-x86_64-fedora-gcc | 1.2.1 | 56.26 | OK | |||
r-devel-windows-x86_64 | 1.2.1 | 6.00 | 55.00 | 61.00 | OK | |
r-patched-linux-x86_64 | 1.2.1 | 3.64 | 32.83 | 36.47 | OK | |
r-release-linux-x86_64 | OK | |||||
r-release-macos-arm64 | 1.2.1 | 23.00 | OK | |||
r-release-macos-x86_64 | 1.2.1 | 33.00 | OK | |||
r-release-windows-x86_64 | 1.2.1 | 5.00 | 57.00 | 62.00 | OK | |
r-oldrel-macos-arm64 | 1.2.1 | 22.00 | OK | |||
r-oldrel-macos-x86_64 | 1.2.1 | 30.00 | OK | |||
r-oldrel-windows-x86_64 | 1.2.1 | 7.00 | 62.00 | 69.00 | OK |
Version: 1.2.1
Check: CRAN incoming feasibility
Result: NOTE
Maintainer: ‘John Lawson <lawsonjsl7net@gmail.com>’
No Authors@R field in DESCRIPTION.
Please add one, modifying
Authors@R: person(given = "John",
family = "Lawson",
role = c("aut", "cre"),
email = "lawsonjsl7net@gmail.com")
as necessary.
Flavors: r-devel-linux-x86_64-debian-clang, r-devel-linux-x86_64-debian-gcc