CRAN Package Check Results for Package ICC

Last updated on 2025-11-01 03:49:51 CET.

Flavor Version Tinstall Tcheck Ttotal Status Flags
r-devel-linux-x86_64-debian-clang 2.4.0 1.80 20.46 22.26 NOTE
r-devel-linux-x86_64-debian-gcc 2.4.0 1.70 16.58 18.28 NOTE
r-devel-linux-x86_64-fedora-clang 2.4.0 34.73 OK
r-devel-linux-x86_64-fedora-gcc 2.4.0 30.48 OK
r-devel-windows-x86_64 2.4.0 3.00 35.00 38.00 OK
r-patched-linux-x86_64 2.4.0 1.90 19.48 21.38 OK
r-release-linux-x86_64 2.4.0 1.92 19.61 21.53 OK
r-release-macos-arm64 2.4.0 1.00 15.00 16.00 OK
r-release-macos-x86_64 2.4.0 2.00 21.00 23.00 OK
r-release-windows-x86_64 2.4.0 3.00 36.00 39.00 OK
r-oldrel-macos-arm64 2.4.0 1.00 19.00 20.00 OK
r-oldrel-macos-x86_64 2.4.0 3.00 26.00 29.00 OK
r-oldrel-windows-x86_64 2.4.0 3.00 36.00 39.00 OK

Check Details

Version: 2.4.0
Check: CRAN incoming feasibility
Result: NOTE Maintainer: ‘Matthew Wolak <matthewwolak@gmail.com>’ Package CITATION file contains call(s) to old-style personList() or as.personList(). Please use c() on person objects instead. Package CITATION file contains call(s) to old-style citEntry(). Please use bibentry() instead. Flavors: r-devel-linux-x86_64-debian-clang, r-devel-linux-x86_64-debian-gcc