Last updated on 2025-05-04 03:50:56 CEST.
Flavor | Version | Tinstall | Tcheck | Ttotal | Status | Flags |
---|---|---|---|---|---|---|
r-devel-linux-x86_64-debian-clang | 2.0 | 6.87 | 58.87 | 65.74 | NOTE | |
r-devel-linux-x86_64-debian-gcc | 2.0 | 5.25 | 44.31 | 49.56 | NOTE | |
r-devel-linux-x86_64-fedora-clang | 2.0 | 101.97 | OK | |||
r-devel-linux-x86_64-fedora-gcc | 2.0 | 102.51 | OK | |||
r-devel-windows-x86_64 | 2.0 | 8.00 | 80.00 | 88.00 | OK | |
r-patched-linux-x86_64 | 2.0 | 6.27 | 56.70 | 62.97 | OK | |
r-release-linux-x86_64 | OK | |||||
r-release-macos-arm64 | 2.0 | 33.00 | OK | |||
r-release-macos-x86_64 | 2.0 | 73.00 | OK | |||
r-release-windows-x86_64 | 2.0 | 8.00 | 75.00 | 83.00 | OK | |
r-oldrel-macos-arm64 | 2.0 | 32.00 | OK | |||
r-oldrel-macos-x86_64 | 2.0 | 59.00 | OK | |||
r-oldrel-windows-x86_64 | 2.0 | 10.00 | 85.00 | 95.00 | OK |
Version: 2.0
Check: CRAN incoming feasibility
Result: NOTE
Maintainer: ‘Jie Zhou <zhoujie02569@gmail.com>’
No Authors@R field in DESCRIPTION.
Please add one, modifying
Authors@R: c(person(given = "Jie",
family = "Zhou",
role = c("aut", "cre"),
email = "zhoujie02569@gmail.com"),
person(given = "Jiajia",
family = "Zhang",
role = "aut"),
person(given = "Wenbin",
family = "Lu",
role = "aut"))
as necessary.
Found the following \keyword or \concept entries
which likely give several index terms:
File ‘ICGOR-package.Rd’:
\keyword{ package, generalized odds rate hazards m [TRUNCATED]
Flavors: r-devel-linux-x86_64-debian-clang, r-devel-linux-x86_64-debian-gcc