Last updated on 2025-05-06 03:51:05 CEST.
Flavor | Version | Tinstall | Tcheck | Ttotal | Status | Flags |
---|---|---|---|---|---|---|
r-devel-linux-x86_64-debian-clang | 3.1 | 46.31 | 60.63 | 106.94 | NOTE | |
r-devel-linux-x86_64-debian-gcc | 3.1 | 18.11 | 44.46 | 62.57 | NOTE | |
r-devel-linux-x86_64-fedora-clang | 3.1 | 150.64 | NOTE | |||
r-devel-linux-x86_64-fedora-gcc | 3.1 | 140.81 | NOTE | |||
r-devel-windows-x86_64 | 3.1 | 25.00 | 83.00 | 108.00 | NOTE | |
r-patched-linux-x86_64 | 3.1 | 23.87 | 57.91 | 81.78 | NOTE | |
r-release-linux-x86_64 | 3.1 | 22.07 | 57.80 | 79.87 | NOTE | |
r-release-macos-arm64 | 3.1 | 54.00 | NOTE | |||
r-release-macos-x86_64 | 3.1 | 77.00 | NOTE | |||
r-release-windows-x86_64 | 3.1 | 25.00 | 85.00 | 110.00 | NOTE | |
r-oldrel-macos-arm64 | 3.1 | 38.00 | NOTE | |||
r-oldrel-macos-x86_64 | 3.1 | 61.00 | NOTE | |||
r-oldrel-windows-x86_64 | 3.1 | 32.00 | 109.00 | 141.00 | NOTE |
Version: 3.1
Check: CRAN incoming feasibility
Result: NOTE
Maintainer: ‘Diaa Al Mohamad <diaa.almohamad@gmail.com>’
No Authors@R field in DESCRIPTION.
Please add one, modifying
Authors@R: c(person(given = c("Diaa", "Al"),
family = "Mohamad",
role = c("aut", "cre"),
email = "diaa.almohamad@gmail.com"),
person(given = c("Erik", "W."),
family = "van Zwet",
role = "aut"),
person(given = c("Jelle", "J."),
family = "Goeman",
role = "aut"))
as necessary.
Flavors: r-devel-linux-x86_64-debian-clang, r-devel-linux-x86_64-debian-gcc
Version: 3.1
Check: C++ specification
Result: NOTE
Specified C++11: please drop specification unless essential
Flavors: r-devel-linux-x86_64-debian-clang, r-devel-linux-x86_64-debian-gcc, r-devel-linux-x86_64-fedora-clang, r-devel-linux-x86_64-fedora-gcc, r-devel-windows-x86_64, r-patched-linux-x86_64, r-release-linux-x86_64, r-release-macos-arm64, r-release-macos-x86_64, r-release-windows-x86_64, r-oldrel-macos-arm64, r-oldrel-macos-x86_64, r-oldrel-windows-x86_64
Version: 3.1
Check: Rd files
Result: NOTE
checkRd: (-1) ic.ranks.Rd:46: Lost braces; missing escapes or markup?
46 | \item{n_adjust}{an integer-valued entry for advanced control over the lower- or upper-bound algorithms. When the "adjustL" parameter is TRUE, the new value of n_adjust is chosen automatically as the best adjustment on the lower affine bound of the chi-square quantiles according to the data. If adjustU is TRUE, then n_adjust contains the point at which the upper affine bound is tangent on the chi-square quantiles. Possible values {1,...,n-1}. If both adjustL and adjustU variables are left FALSE, then the default choice is that the lower affine bound passes between the chi-square quantiles at 1 and n-1 degrees of freedom, and the upper affine bound is tangent on n-1.}
| ^
Flavors: r-devel-linux-x86_64-debian-clang, r-devel-linux-x86_64-debian-gcc, r-devel-linux-x86_64-fedora-clang, r-devel-linux-x86_64-fedora-gcc, r-devel-windows-x86_64, r-patched-linux-x86_64, r-release-linux-x86_64, r-release-macos-arm64, r-release-macos-x86_64, r-release-windows-x86_64, r-oldrel-macos-arm64, r-oldrel-macos-x86_64, r-oldrel-windows-x86_64