Last updated on 2025-05-04 03:50:56 CEST.
Flavor | Version | Tinstall | Tcheck | Ttotal | Status | Flags |
---|---|---|---|---|---|---|
r-devel-linux-x86_64-debian-clang | 0.3.0 | 2.86 | 23.83 | 26.69 | NOTE | |
r-devel-linux-x86_64-debian-gcc | 0.3.0 | 2.08 | 19.26 | 21.34 | NOTE | |
r-devel-linux-x86_64-fedora-clang | 0.3.0 | 41.84 | OK | |||
r-devel-linux-x86_64-fedora-gcc | 0.3.0 | 40.31 | OK | |||
r-devel-windows-x86_64 | 0.3.0 | 4.00 | 45.00 | 49.00 | OK | |
r-patched-linux-x86_64 | 0.3.0 | 2.73 | 23.16 | 25.89 | OK | |
r-release-linux-x86_64 | OK | |||||
r-release-macos-arm64 | 0.3.0 | 24.00 | OK | |||
r-release-macos-x86_64 | 0.3.0 | 31.00 | OK | |||
r-release-windows-x86_64 | 0.3.0 | 5.00 | 44.00 | 49.00 | OK | |
r-oldrel-macos-arm64 | 0.3.0 | 18.00 | OK | |||
r-oldrel-macos-x86_64 | 0.3.0 | 27.00 | OK | |||
r-oldrel-windows-x86_64 | 0.3.0 | 5.00 | 48.00 | 53.00 | OK |
Version: 0.3.0
Check: CRAN incoming feasibility
Result: NOTE
Maintainer: ‘Zhicheng Du<dgdzc@hotmail.com>’
No Authors@R field in DESCRIPTION.
Please add one, modifying
Authors@R: c(person(given = "Zhicheng",
family = "Du",
role = c("aut", "cre"),
email = "dgdzc@hotmail.com"),
person(given = "Yuantao",
family = "Hao",
role = "aut"))
as necessary.
Flavors: r-devel-linux-x86_64-debian-clang, r-devel-linux-x86_64-debian-gcc