CRAN Package Check Results for Package IDF

Last updated on 2025-05-04 03:50:56 CEST.

Flavor Version Tinstall Tcheck Ttotal Status Flags
r-devel-linux-x86_64-debian-clang 2.1.2 7.97 66.46 74.43 NOTE
r-devel-linux-x86_64-debian-gcc 2.1.2 5.25 48.61 53.86 NOTE
r-devel-linux-x86_64-fedora-clang 2.1.2 114.26 OK
r-devel-linux-x86_64-fedora-gcc 2.1.2 106.31 OK
r-devel-windows-x86_64 2.1.2 9.00 82.00 91.00 NOTE
r-patched-linux-x86_64 2.1.2 7.41 62.49 69.90 NOTE
r-release-linux-x86_64 NOTE
r-release-macos-arm64 2.1.2 35.00 OK
r-release-macos-x86_64 2.1.2 63.00 OK
r-release-windows-x86_64 2.1.2 8.00 80.00 88.00 NOTE
r-oldrel-macos-arm64 2.1.2 32.00 OK
r-oldrel-macos-x86_64 2.1.2 48.00 OK
r-oldrel-windows-x86_64 2.1.2 11.00 95.00 106.00 OK

Check Details

Version: 2.1.2
Check: CRAN incoming feasibility
Result: NOTE Maintainer: ‘Felix S. Fauer <felix.fauer@met.fu-berlin.de>’ Package CITATION file contains call(s) to old-style citEntry(). Please use bibentry() instead. Flavors: r-devel-linux-x86_64-debian-clang, r-devel-linux-x86_64-debian-gcc

Version: 2.1.2
Check: Rd cross-references
Result: NOTE Found the following Rd file(s) with Rd \link{} targets missing package anchors: gev.d.fit.Rd: gev.fit gev.d.params.Rd: gev.fit Please provide package anchors for all Rd \link{} targets not in the package itself and the base packages. Flavors: r-devel-linux-x86_64-debian-clang, r-devel-linux-x86_64-debian-gcc, r-devel-windows-x86_64, r-patched-linux-x86_64, r-release-linux-x86_64, r-release-windows-x86_64