Last updated on 2025-05-06 03:51:05 CEST.
Flavor | Version | Tinstall | Tcheck | Ttotal | Status | Flags |
---|---|---|---|---|---|---|
r-devel-linux-x86_64-debian-clang | 0.3.1 | 16.58 | 27.69 | 44.27 | NOTE | |
r-devel-linux-x86_64-debian-gcc | 0.3.1 | 13.53 | 21.77 | 35.30 | NOTE | |
r-devel-linux-x86_64-fedora-clang | 0.3.1 | 81.86 | NOTE | |||
r-devel-linux-x86_64-fedora-gcc | 0.3.1 | 80.19 | NOTE | |||
r-devel-windows-x86_64 | 0.3.1 | 24.00 | 66.00 | 90.00 | NOTE | |
r-patched-linux-x86_64 | 0.3.1 | 18.42 | 26.56 | 44.98 | NOTE | |
r-release-linux-x86_64 | 0.3.1 | 17.62 | 26.15 | 43.77 | NOTE | |
r-release-macos-arm64 | 0.3.1 | 27.00 | NOTE | |||
r-release-macos-x86_64 | 0.3.1 | 36.00 | NOTE | |||
r-release-windows-x86_64 | 0.3.1 | 23.00 | 64.00 | 87.00 | NOTE | |
r-oldrel-macos-arm64 | 0.3.1 | 27.00 | NOTE | |||
r-oldrel-macos-x86_64 | 0.3.1 | 32.00 | NOTE | |||
r-oldrel-windows-x86_64 | 0.3.1 | 22.00 | 76.00 | 98.00 | NOTE |
Version: 0.3.1
Check: CRAN incoming feasibility
Result: NOTE
Maintainer: ‘Feng Chen <feng.chen@unsw.edu.au>’
No Authors@R field in DESCRIPTION.
Please add one, modifying
Authors@R: person(given = "Feng",
family = "Chen",
role = c("aut", "cre"),
email = "feng.chen@unsw.edu.au")
as necessary.
Package CITATION file contains call(s) to old-style citEntry(). Please
use bibentry() instead.
Flavors: r-devel-linux-x86_64-debian-clang, r-devel-linux-x86_64-debian-gcc
Version: 0.3.1
Check: Rd files
Result: NOTE
checkRd: (-1) simHawkes1a.Rd:35: Lost braces; missing escapes or markup?
35 | distribution; 'd${dis}' gives the density function \eqn{g(\cdot)}.}
| ^
Flavors: r-devel-linux-x86_64-debian-clang, r-devel-linux-x86_64-debian-gcc, r-devel-linux-x86_64-fedora-clang, r-devel-linux-x86_64-fedora-gcc, r-devel-windows-x86_64, r-patched-linux-x86_64, r-release-linux-x86_64, r-release-macos-arm64, r-release-macos-x86_64, r-release-windows-x86_64, r-oldrel-macos-arm64, r-oldrel-macos-x86_64, r-oldrel-windows-x86_64