Last updated on 2025-05-07 03:51:03 CEST.
Flavor | Version | Tinstall | Tcheck | Ttotal | Status | Flags |
---|---|---|---|---|---|---|
r-devel-linux-x86_64-debian-clang | 0.3 | 10.01 | 79.94 | 89.95 | NOTE | |
r-devel-linux-x86_64-debian-gcc | 0.3 | 7.60 | 58.93 | 66.53 | NOTE | |
r-devel-linux-x86_64-fedora-clang | 0.3 | 137.57 | NOTE | |||
r-devel-linux-x86_64-fedora-gcc | 0.3 | 137.01 | NOTE | |||
r-devel-windows-x86_64 | 0.3 | 12.00 | 95.00 | 107.00 | NOTE | |
r-patched-linux-x86_64 | 0.3 | 10.80 | 77.92 | 88.72 | NOTE | |
r-release-linux-x86_64 | 0.3 | 8.15 | 76.25 | 84.40 | NOTE | |
r-release-macos-arm64 | 0.3 | 46.00 | NOTE | |||
r-release-macos-x86_64 | 0.3 | 77.00 | NOTE | |||
r-release-windows-x86_64 | 0.3 | 11.00 | 97.00 | 108.00 | NOTE | |
r-oldrel-macos-arm64 | 0.3 | 42.00 | NOTE | |||
r-oldrel-macos-x86_64 | 0.3 | 59.00 | NOTE | |||
r-oldrel-windows-x86_64 | 0.3 | 15.00 | 116.00 | 131.00 | NOTE |
Version: 0.3
Check: Rd files
Result: NOTE
checkRd: (-1) lab.qcs.Rd:24: Lost braces
24 | It develops an object of \code{lab.qcs}-code{link{class}} to perform statistical quality control.
| ^
checkRd: (-1) lab.qcs.Rd:24: Lost braces
24 | It develops an object of \code{lab.qcs}-code{link{class}} to perform statistical quality control.
| ^
Flavors: r-devel-linux-x86_64-debian-clang, r-devel-linux-x86_64-debian-gcc, r-devel-linux-x86_64-fedora-clang, r-devel-linux-x86_64-fedora-gcc, r-devel-windows-x86_64, r-patched-linux-x86_64, r-release-linux-x86_64, r-release-macos-arm64, r-release-macos-x86_64, r-release-windows-x86_64, r-oldrel-macos-arm64, r-oldrel-macos-x86_64, r-oldrel-windows-x86_64