CRAN Package Check Results for Package ISM

Last updated on 2025-05-04 03:50:56 CEST.

Flavor Version Tinstall Tcheck Ttotal Status Flags
r-devel-linux-x86_64-debian-clang 0.1.0 6.48 61.44 67.92 NOTE
r-devel-linux-x86_64-debian-gcc 0.1.0 5.84 51.29 57.13 NOTE
r-devel-linux-x86_64-fedora-clang 0.1.0 111.87 OK
r-devel-linux-x86_64-fedora-gcc 0.1.0 113.24 OK
r-devel-windows-x86_64 0.1.0 6.00 71.00 77.00 OK
r-patched-linux-x86_64 0.1.0 6.38 60.96 67.34 OK
r-release-linux-x86_64 OK
r-release-macos-arm64 0.1.0 32.00 OK
r-release-macos-x86_64 0.1.0 57.00 OK
r-release-windows-x86_64 0.1.0 7.00 68.00 75.00 OK
r-oldrel-macos-arm64 0.1.0 35.00 NOTE
r-oldrel-macos-x86_64 0.1.0 44.00 NOTE
r-oldrel-windows-x86_64 0.1.0 9.00 75.00 84.00 NOTE

Check Details

Version: 0.1.0
Check: CRAN incoming feasibility
Result: NOTE Maintainer: ‘Gunjan Bansal <gunjan.1512@gmail.com>’ No Authors@R field in DESCRIPTION. Please add one, modifying Authors@R: c(person(given = "Adarsh", family = "Anand", role = "aut"), person(given = "Gunjan", family = "Bansal", role = c("aut", "cre"), email = "gunjan.1512@gmail.com")) as necessary. Flavors: r-devel-linux-x86_64-debian-clang, r-devel-linux-x86_64-debian-gcc

Version: 0.1.0
Check: LazyData
Result: NOTE 'LazyData' is specified without a 'data' directory Flavors: r-oldrel-macos-arm64, r-oldrel-macos-x86_64, r-oldrel-windows-x86_64