CRAN Package Check Results for Package IntegratedJM

Last updated on 2025-05-07 03:51:03 CEST.

Flavor Version Tinstall Tcheck Ttotal Status Flags
r-devel-linux-x86_64-debian-clang 1.6 7.36 59.69 67.05 NOTE
r-devel-linux-x86_64-debian-gcc 1.6 5.32 41.80 47.12 NOTE
r-devel-linux-x86_64-fedora-clang 1.6 102.56 OK
r-devel-linux-x86_64-fedora-gcc 1.6 101.08 OK
r-devel-windows-x86_64 1.6 8.00 71.00 79.00 OK
r-patched-linux-x86_64 1.6 6.66 55.36 62.02 OK
r-release-linux-x86_64 1.6 6.37 55.09 61.46 OK
r-release-macos-arm64 1.6 44.00 OK
r-release-macos-x86_64 1.6 52.00 OK
r-release-windows-x86_64 1.6 8.00 72.00 80.00 OK
r-oldrel-macos-arm64 1.6 29.00 OK
r-oldrel-macos-x86_64 1.6 43.00 OK
r-oldrel-windows-x86_64 1.6 10.00 84.00 94.00 OK

Check Details

Version: 1.6
Check: CRAN incoming feasibility
Result: NOTE Maintainer: ‘Rudradev Sengupta <rudradev.sengupta@uhasselt.be>’ No Authors@R field in DESCRIPTION. Please add one, modifying Authors@R: c(person(given = "Rudradev", family = "Sengupta", role = c("aut", "cre"), email = "rudradev.sengupta@uhasselt.be"), person(given = c("Nolen", "Joy"), family = "Perualila", role = "aut")) as necessary. Flavors: r-devel-linux-x86_64-debian-clang, r-devel-linux-x86_64-debian-gcc