Last updated on 2025-05-06 03:51:05 CEST.
Flavor | Version | Tinstall | Tcheck | Ttotal | Status | Flags |
---|---|---|---|---|---|---|
r-devel-linux-x86_64-debian-clang | 0.8 | 8.07 | 63.71 | 71.78 | NOTE | |
r-devel-linux-x86_64-debian-gcc | 0.8 | 6.13 | 47.40 | 53.53 | NOTE | |
r-devel-linux-x86_64-fedora-clang | 0.8 | 116.78 | OK | |||
r-devel-linux-x86_64-fedora-gcc | 0.8 | 104.09 | OK | |||
r-devel-windows-x86_64 | 0.8 | 10.00 | 75.00 | 85.00 | OK | |
r-patched-linux-x86_64 | 0.8 | 8.29 | 61.07 | 69.36 | OK | |
r-release-linux-x86_64 | 0.8 | 7.48 | 60.55 | 68.03 | OK | |
r-release-macos-arm64 | 0.8 | 36.00 | OK | |||
r-release-macos-x86_64 | 0.8 | 71.00 | OK | |||
r-release-windows-x86_64 | 0.8 | 9.00 | 76.00 | 85.00 | OK | |
r-oldrel-macos-arm64 | 0.8 | 33.00 | OK | |||
r-oldrel-macos-x86_64 | 0.8 | 62.00 | OK | |||
r-oldrel-windows-x86_64 | 0.8 | 12.00 | 91.00 | 103.00 | OK |
Version: 0.8
Check: CRAN incoming feasibility
Result: NOTE
Maintainer: ‘Nicolai Meinshausen <meinshausen@stat.math.ethz.ch>’
No Authors@R field in DESCRIPTION.
Please add one, modifying
Authors@R: person(given = "Nicolai",
family = "Meinshausen",
role = c("aut", "cre"),
email = "meinshausen@stat.math.ethz.ch")
as necessary.
Flavors: r-devel-linux-x86_64-debian-clang, r-devel-linux-x86_64-debian-gcc