Last updated on 2025-05-06 03:51:05 CEST.
Flavor | Version | Tinstall | Tcheck | Ttotal | Status | Flags |
---|---|---|---|---|---|---|
r-devel-linux-x86_64-debian-clang | 0.1.0 | 2.54 | 28.83 | 31.37 | NOTE | |
r-devel-linux-x86_64-debian-gcc | 0.1.0 | 1.92 | 21.91 | 23.83 | NOTE | |
r-devel-linux-x86_64-fedora-clang | 0.1.0 | 50.54 | OK | |||
r-devel-linux-x86_64-fedora-gcc | 0.1.0 | 48.97 | OK | |||
r-devel-windows-x86_64 | 0.1.0 | 4.00 | 51.00 | 55.00 | OK | |
r-patched-linux-x86_64 | 0.1.0 | 2.77 | 27.51 | 30.28 | OK | |
r-release-linux-x86_64 | 0.1.0 | 2.42 | 27.36 | 29.78 | OK | |
r-release-macos-arm64 | 0.1.0 | 23.00 | OK | |||
r-release-macos-x86_64 | 0.1.0 | 31.00 | OK | |||
r-release-windows-x86_64 | 0.1.0 | 4.00 | 51.00 | 55.00 | OK | |
r-oldrel-macos-arm64 | 0.1.0 | 19.00 | OK | |||
r-oldrel-macos-x86_64 | 0.1.0 | 27.00 | OK | |||
r-oldrel-windows-x86_64 | 0.1.0 | 5.00 | 59.00 | 64.00 | OK |
Version: 0.1.0
Check: CRAN incoming feasibility
Result: NOTE
Maintainer: ‘Pritam Ranjan <pritam.ranjan@gmail.com>’
No Authors@R field in DESCRIPTION.
Please add one, modifying
Authors@R: c(person(given = "Neil",
family = "Spencer",
role = c("aut", "cre")),
person(given = "Pritam",
family = "Ranjan",
role = c("aut", "cre"),
email = "pritam.ranjan@gmail.com"),
person(given = "Franklin",
family = "Mendivil",
role = "ctb"))
as necessary.
Flavors: r-devel-linux-x86_64-debian-clang, r-devel-linux-x86_64-debian-gcc