CRAN Package Check Results for Package JAGStree

Last updated on 2025-07-03 03:49:44 CEST.

Flavor Version Tinstall Tcheck Ttotal Status Flags
r-devel-linux-x86_64-debian-clang 1.0.1 5.41 48.80 54.21 OK
r-devel-linux-x86_64-debian-gcc 1.0.1 3.96 37.50 41.46 OK
r-devel-linux-x86_64-fedora-clang 1.0.1 83.89 NOTE
r-devel-linux-x86_64-fedora-gcc 1.0.1 92.99 NOTE
r-devel-windows-x86_64 1.0.1 7.00 67.00 74.00 OK
r-patched-linux-x86_64 1.0.1 5.19 46.29 51.48 OK
r-release-linux-x86_64 1.0.1 5.22 45.60 50.82 OK
r-release-macos-arm64 1.0.1 36.00 OK
r-release-macos-x86_64 1.0.1 66.00 OK
r-release-windows-x86_64 1.0.1 7.00 70.00 77.00 OK
r-oldrel-macos-arm64 1.0.1 43.00 OK
r-oldrel-macos-x86_64 1.0.1 60.00 OK
r-oldrel-windows-x86_64 1.0.1 9.00 83.00 92.00 OK

Check Details

Version: 1.0.1
Check: dependencies in R code
Result: NOTE Namespace in Imports field not imported from: ‘DiagrammeR’ All declared Imports should be used. Flavors: r-devel-linux-x86_64-fedora-clang, r-devel-linux-x86_64-fedora-gcc