Last updated on 2025-05-07 03:51:03 CEST.
Flavor | Version | Tinstall | Tcheck | Ttotal | Status | Flags |
---|---|---|---|---|---|---|
r-devel-linux-x86_64-debian-clang | 0.1.0 | 14.31 | 108.22 | 122.53 | NOTE | |
r-devel-linux-x86_64-debian-gcc | 0.1.0 | 11.46 | 76.57 | 88.03 | NOTE | |
r-devel-linux-x86_64-fedora-clang | 0.1.0 | 192.60 | OK | |||
r-devel-linux-x86_64-fedora-gcc | 0.1.0 | 192.49 | OK | |||
r-devel-windows-x86_64 | 0.1.0 | 15.00 | 112.00 | 127.00 | OK | |
r-patched-linux-x86_64 | 0.1.0 | 12.17 | 102.56 | 114.73 | OK | |
r-release-linux-x86_64 | 0.1.0 | 13.23 | 101.49 | 114.72 | OK | |
r-release-macos-arm64 | 0.1.0 | 50.00 | OK | |||
r-release-macos-x86_64 | 0.1.0 | 91.00 | OK | |||
r-release-windows-x86_64 | 0.1.0 | 15.00 | 109.00 | 124.00 | OK | |
r-oldrel-macos-arm64 | 0.1.0 | 48.00 | OK | |||
r-oldrel-macos-x86_64 | 0.1.0 | 81.00 | OK | |||
r-oldrel-windows-x86_64 | 0.1.0 | 19.00 | 139.00 | 158.00 | OK |
Version: 0.1.0
Check: CRAN incoming feasibility
Result: NOTE
Maintainer: ‘Karne Chaithanya Sai <karnechaithanyasai@gmail.com>’
No Authors@R field in DESCRIPTION.
Please add one, modifying
Authors@R: person(given = c("Karne", "Chaithanya"),
family = "Sai",
role = c("aut", "cre"),
email = "karnechaithanyasai@gmail.com")
as necessary.
Flavors: r-devel-linux-x86_64-debian-clang, r-devel-linux-x86_64-debian-gcc