Last updated on 2025-05-04 03:50:57 CEST.
Flavor | Version | Tinstall | Tcheck | Ttotal | Status | Flags |
---|---|---|---|---|---|---|
r-devel-linux-x86_64-debian-clang | 1.2 | 3.35 | 33.60 | 36.95 | NOTE | |
r-devel-linux-x86_64-debian-gcc | 1.2 | 2.82 | 25.68 | 28.50 | NOTE | |
r-devel-linux-x86_64-fedora-clang | 1.2 | 53.30 | OK | |||
r-devel-linux-x86_64-fedora-gcc | 1.2 | 61.00 | OK | |||
r-devel-windows-x86_64 | 1.2 | 5.00 | 64.00 | 69.00 | OK | |
r-patched-linux-x86_64 | 1.2 | 3.92 | 32.86 | 36.78 | OK | |
r-release-linux-x86_64 | OK | |||||
r-release-macos-arm64 | 1.2 | 23.00 | OK | |||
r-release-macos-x86_64 | 1.2 | 31.00 | OK | |||
r-release-windows-x86_64 | 1.2 | 5.00 | 53.00 | 58.00 | OK | |
r-oldrel-macos-arm64 | 1.2 | 19.00 | OK | |||
r-oldrel-macos-x86_64 | 1.2 | 37.00 | OK | |||
r-oldrel-windows-x86_64 | 1.2 | 6.00 | 59.00 | 65.00 | OK |
Version: 1.2
Check: CRAN incoming feasibility
Result: NOTE
Maintainer: ‘Mikhail V. Matz <matz@utexas.edu>’
No Authors@R field in DESCRIPTION.
Please add one, modifying
Authors@R: person(given = c("Mikhail", "V."),
family = "Matz",
role = c("aut", "cre"),
email = "matz@utexas.edu")
as necessary.
Flavors: r-devel-linux-x86_64-debian-clang, r-devel-linux-x86_64-debian-gcc