Last updated on 2025-05-06 03:51:06 CEST.
Flavor | Version | Tinstall | Tcheck | Ttotal | Status | Flags |
---|---|---|---|---|---|---|
r-devel-linux-x86_64-debian-clang | 0.1.1 | 1.60 | 17.61 | 19.21 | NOTE | |
r-devel-linux-x86_64-debian-gcc | 0.1.1 | 1.33 | 14.91 | 16.24 | NOTE | |
r-devel-linux-x86_64-fedora-clang | 0.1.1 | 30.98 | OK | |||
r-devel-linux-x86_64-fedora-gcc | 0.1.1 | 30.17 | OK | |||
r-devel-windows-x86_64 | 0.1.1 | 3.00 | 44.00 | 47.00 | OK | |
r-patched-linux-x86_64 | 0.1.1 | 1.65 | 17.31 | 18.96 | OK | |
r-release-linux-x86_64 | 0.1.1 | 1.52 | 17.21 | 18.73 | OK | |
r-release-macos-arm64 | 0.1.1 | 15.00 | OK | |||
r-release-macos-x86_64 | 0.1.1 | 25.00 | OK | |||
r-release-windows-x86_64 | 0.1.1 | 2.00 | 45.00 | 47.00 | OK | |
r-oldrel-macos-arm64 | 0.1.1 | 15.00 | OK | |||
r-oldrel-macos-x86_64 | 0.1.1 | 22.00 | OK | |||
r-oldrel-windows-x86_64 | 0.1.1 | 3.00 | 46.00 | 49.00 | OK |
Version: 0.1.1
Check: CRAN incoming feasibility
Result: NOTE
Maintainer: ‘Chin Soon Lim <chinsoon12@hotmail.com>’
No Authors@R field in DESCRIPTION.
Please add one, modifying
Authors@R: person(given = c("Chin", "Soon"),
family = "Lim",
role = c("aut", "cre"),
email = "chinsoon12@hotmail.com")
as necessary.
The BugReports field in DESCRIPTION has
https://github.com/chinsoon12/KnapsackSampling
which should likely be
https://github.com/chinsoon12/KnapsackSampling/issues
instead.
Flavors: r-devel-linux-x86_64-debian-clang, r-devel-linux-x86_64-debian-gcc