Last updated on 2025-05-07 03:51:04 CEST.
Flavor | Version | Tinstall | Tcheck | Ttotal | Status | Flags |
---|---|---|---|---|---|---|
r-devel-linux-x86_64-debian-clang | 1.5.0 | 4.80 | 115.27 | 120.07 | NOTE | |
r-devel-linux-x86_64-debian-gcc | 1.5.0 | 3.17 | 75.38 | 78.55 | NOTE | |
r-devel-linux-x86_64-fedora-clang | 1.5.0 | 191.72 | OK | |||
r-devel-linux-x86_64-fedora-gcc | 1.5.0 | 212.30 | OK | |||
r-devel-windows-x86_64 | 1.5.0 | 5.00 | 148.00 | 153.00 | OK | |
r-patched-linux-x86_64 | 1.5.0 | 5.19 | 110.40 | 115.59 | OK | |
r-release-linux-x86_64 | 1.5.0 | 4.94 | 110.43 | 115.37 | OK | |
r-release-macos-arm64 | 1.5.0 | 59.00 | OK | |||
r-release-macos-x86_64 | 1.5.0 | 127.00 | OK | |||
r-release-windows-x86_64 | 1.5.0 | 6.00 | 148.00 | 154.00 | OK | |
r-oldrel-macos-arm64 | 1.5.0 | 55.00 | OK | |||
r-oldrel-macos-x86_64 | 1.5.0 | 105.00 | OK | |||
r-oldrel-windows-x86_64 | 1.5.0 | 6.00 | 181.00 | 187.00 | OK |
Version: 1.5.0
Check: CRAN incoming feasibility
Result: NOTE
Maintainer: ‘Jinsong Chen <jinsong.chen@live.com>’
No Authors@R field in DESCRIPTION.
Please add one, modifying
Authors@R: person(given = "Jinsong",
family = "Chen",
role = c("aut", "cre", "cph"),
email = "jinsong.chen@live.com")
as necessary.
Flavors: r-devel-linux-x86_64-debian-clang, r-devel-linux-x86_64-debian-gcc