CRAN Package Check Results for Package LCFdata

Last updated on 2025-05-04 03:50:57 CEST.

Flavor Version Tinstall Tcheck Ttotal Status Flags
r-devel-linux-x86_64-debian-clang 2.0 1.38 16.09 17.47 NOTE
r-devel-linux-x86_64-debian-gcc 2.0 1.10 13.94 15.04 NOTE
r-devel-linux-x86_64-fedora-clang 2.0 25.79 OK
r-devel-linux-x86_64-fedora-gcc 2.0 26.07 OK
r-devel-windows-x86_64 2.0 2.00 34.00 36.00 OK
r-patched-linux-x86_64 2.0 1.45 15.97 17.42 OK
r-release-linux-x86_64 OK
r-release-macos-arm64 2.0 15.00 OK
r-release-macos-x86_64 2.0 21.00 OK
r-release-windows-x86_64 2.0 2.00 34.00 36.00 OK
r-oldrel-macos-arm64 2.0 12.00 OK
r-oldrel-macos-x86_64 2.0 19.00 OK
r-oldrel-windows-x86_64 2.0 2.00 34.00 36.00 OK

Check Details

Version: 2.0
Check: CRAN incoming feasibility
Result: NOTE Maintainer: ‘Antoine Tremblay <trea26@gmail.com>’ No Authors@R field in DESCRIPTION. Please add one, modifying Authors@R: c(person(given = "Antoine", family = "Tremblay", role = c("aut", "cre"), email = "trea26@gmail.com"), person(given = c("Department", "of"), family = "Psychology", role = "aut"), person(given = "Dalhousie", family = "University", role = "aut")) as necessary. Flavors: r-devel-linux-x86_64-debian-clang, r-devel-linux-x86_64-debian-gcc