CRAN Package Check Results for Package LLSR

Last updated on 2025-05-03 03:52:01 CEST.

Flavor Version Tinstall Tcheck Ttotal Status Flags
r-devel-linux-x86_64-debian-clang 0.0.3.1 8.93 68.14 77.07 NOTE
r-devel-linux-x86_64-debian-gcc 0.0.3.1 6.69 47.54 54.23 NOTE
r-devel-linux-x86_64-fedora-clang 0.0.3.1 113.02 OK
r-devel-linux-x86_64-fedora-gcc 0.0.3.1 103.53 OK
r-devel-windows-x86_64 0.0.3.1 11.00 84.00 95.00 OK
r-patched-linux-x86_64 0.0.3.1 8.59 62.50 71.09 OK
r-release-linux-x86_64 OK
r-release-macos-arm64 0.0.3.1 39.00 OK
r-release-macos-x86_64 0.0.3.1 59.00 OK
r-release-windows-x86_64 0.0.3.1 10.00 82.00 92.00 OK
r-oldrel-macos-arm64 0.0.3.1 32.00 OK
r-oldrel-macos-x86_64 0.0.3.1 58.00 OK
r-oldrel-windows-x86_64 0.0.3.1 13.00 99.00 112.00 OK

Check Details

Version: 0.0.3.1
Check: CRAN incoming feasibility
Result: NOTE Maintainer: ‘Diego F Coelho <diegofcoelho@gmail.com>’ No Authors@R field in DESCRIPTION. Please add one, modifying Authors@R: c(person(given = c("Diego", "F"), family = "Coelho", role = c("aut", "cre"), email = "diegofcoelho@gmail.com"), person(given = c("Pedro", "Vitor", "Oliveira"), family = "Menezes", role = "dtc", email = "pedrod841@hotmail.com"), person(given = c("Carla", "Corina", "dos", "Santos"), family = "Porto", role = "dtc", email = "carlacorina@hotmail.com.br"), person(given = c("Jon", "George"), family = "Huddleston", role = "rev", email = "Jonathan.Huddleston@brunel.ac.uk"), person(given = c("Elias", "Basile"), family = "Tambourgi", role = "rev", email = "eliastam@feq.unicamp.br")) as necessary. Flavors: r-devel-linux-x86_64-debian-clang, r-devel-linux-x86_64-debian-gcc