Last updated on 2025-05-07 03:51:04 CEST.
Flavor | Version | Tinstall | Tcheck | Ttotal | Status | Flags |
---|---|---|---|---|---|---|
r-devel-linux-x86_64-debian-clang | 2024.6.19 | 10.44 | 31.00 | 41.44 | NOTE | |
r-devel-linux-x86_64-debian-gcc | 2024.6.19 | 8.41 | 23.35 | 31.76 | NOTE | |
r-devel-linux-x86_64-fedora-clang | 2024.6.19 | 70.98 | OK | |||
r-devel-linux-x86_64-fedora-gcc | 2024.6.19 | 74.50 | OK | |||
r-devel-windows-x86_64 | 2024.6.19 | 15.00 | 64.00 | 79.00 | OK | |
r-patched-linux-x86_64 | 2024.6.19 | 11.45 | 28.64 | 40.09 | OK | |
r-release-linux-x86_64 | 2024.6.19 | 11.54 | 29.11 | 40.65 | OK | |
r-release-macos-arm64 | 2024.6.19 | 26.00 | OK | |||
r-release-macos-x86_64 | 2024.6.19 | 36.00 | OK | |||
r-release-windows-x86_64 | 2024.6.19 | 15.00 | 65.00 | 80.00 | OK | |
r-oldrel-macos-arm64 | 2024.6.19 | 25.00 | OK | |||
r-oldrel-macos-x86_64 | 2024.6.19 | 61.00 | OK | |||
r-oldrel-windows-x86_64 | 2024.6.19 | 14.00 | 76.00 | 90.00 | OK |
Version: 2024.6.19
Check: CRAN incoming feasibility
Result: NOTE
Maintainer: ‘Toby Dylan Hocking <toby.hocking@r-project.org>’
No Authors@R field in DESCRIPTION.
Please add one, modifying
Authors@R: person(given = c("Toby", "Dylan"),
family = "Hocking",
role = c("aut", "cre"),
email = "toby.hocking@r-project.org")
as necessary.
Flavors: r-devel-linux-x86_64-debian-clang, r-devel-linux-x86_64-debian-gcc