Last updated on 2025-05-04 03:50:58 CEST.
Flavor | Version | Tinstall | Tcheck | Ttotal | Status | Flags |
---|---|---|---|---|---|---|
r-devel-linux-x86_64-debian-clang | 1.2 | 5.98 | 53.49 | 59.47 | NOTE | |
r-devel-linux-x86_64-debian-gcc | 1.2 | 5.01 | 38.76 | 43.77 | NOTE | |
r-devel-linux-x86_64-fedora-clang | 1.2 | 82.12 | OK | |||
r-devel-linux-x86_64-fedora-gcc | 1.2 | 94.08 | OK | |||
r-devel-windows-x86_64 | 1.2 | 9.00 | 73.00 | 82.00 | OK | |
r-patched-linux-x86_64 | 1.2 | 5.06 | 49.19 | 54.25 | OK | |
r-release-linux-x86_64 | OK | |||||
r-release-macos-arm64 | 1.2 | 28.00 | OK | |||
r-release-macos-x86_64 | 1.2 | 47.00 | OK | |||
r-release-windows-x86_64 | 1.2 | 8.00 | 74.00 | 82.00 | OK | |
r-oldrel-macos-arm64 | 1.2 | 28.00 | NOTE | |||
r-oldrel-macos-x86_64 | 1.2 | 39.00 | NOTE | |||
r-oldrel-windows-x86_64 | 1.2 | 10.00 | 84.00 | 94.00 | NOTE |
Version: 1.2
Check: CRAN incoming feasibility
Result: NOTE
Maintainer: ‘Sara Algeri <salgeri@umn.edu>’
No Authors@R field in DESCRIPTION.
Please add one, modifying
Authors@R: c(person(given = "Sara",
family = "Algeri",
role = c("aut", "cre"),
email = "salgeri@umn.edu"),
person(given = "Haoran",
family = "Liu",
role = "aut",
email = "liu00728@umn.edu"))
as necessary.
The Description field contains
S. (2019) <arXiv:1906.06615>.
Please refer to arXiv e-prints via their arXiv DOI <doi:10.48550/arXiv.YYMM.NNNNN>.
Flavors: r-devel-linux-x86_64-debian-clang, r-devel-linux-x86_64-debian-gcc
Version: 1.2
Check: LazyData
Result: NOTE
'LazyData' is specified without a 'data' directory
Flavors: r-oldrel-macos-arm64, r-oldrel-macos-x86_64, r-oldrel-windows-x86_64