Last updated on 2025-05-04 03:50:57 CEST.
Flavor | Version | Tinstall | Tcheck | Ttotal | Status | Flags |
---|---|---|---|---|---|---|
r-devel-linux-x86_64-debian-clang | 0.8.3 | 10.04 | 29.00 | 39.04 | NOTE | |
r-devel-linux-x86_64-debian-gcc | 0.8.3 | 7.61 | 22.83 | 30.44 | NOTE | |
r-devel-linux-x86_64-fedora-clang | 0.8.3 | 68.95 | NOTE | |||
r-devel-linux-x86_64-fedora-gcc | 0.8.3 | 67.07 | NOTE | |||
r-devel-windows-x86_64 | 0.8.3 | 13.00 | 73.00 | 86.00 | OK | |
r-patched-linux-x86_64 | 0.8.3 | 9.70 | 27.43 | 37.13 | OK | |
r-release-linux-x86_64 | OK | |||||
r-release-macos-arm64 | 0.8.3 | 23.00 | OK | |||
r-release-macos-x86_64 | 0.8.3 | 39.00 | OK | |||
r-release-windows-x86_64 | 0.8.3 | 13.00 | 68.00 | 81.00 | OK | |
r-oldrel-macos-arm64 | 0.8.3 | 24.00 | OK | |||
r-oldrel-macos-x86_64 | 0.8.3 | 32.00 | OK | |||
r-oldrel-windows-x86_64 | 0.8.3 | 12.00 | 74.00 | 86.00 | OK |
Version: 0.8.3
Check: CRAN incoming feasibility
Result: NOTE
Maintainer: ‘Jonas Striaukas <jonas.striaukas@gmail.com>’
No Authors@R field in DESCRIPTION.
Please add one, modifying
Authors@R: c(person(given = "Jonas",
family = "Striaukas",
role = c("aut", "trl", "cre"),
email = "jonas.striaukas@gmail.com"),
person(given = "Matthias",
family = "Weber",
role = "aut"))
as necessary.
Flavors: r-devel-linux-x86_64-debian-clang, r-devel-linux-x86_64-debian-gcc
Version: 0.8.3
Check: compiled code
Result: NOTE
File ‘LassoNet/libs/LassoNet.so’:
Found no calls to: ‘R_registerRoutines’, ‘R_useDynamicSymbols’
It is good practice to register native routines and to disable symbol
search.
See ‘Writing portable packages’ in the ‘Writing R Extensions’ manual.
Flavors: r-devel-linux-x86_64-fedora-clang, r-devel-linux-x86_64-fedora-gcc