Last updated on 2025-05-06 03:51:06 CEST.
Flavor | Version | Tinstall | Tcheck | Ttotal | Status | Flags |
---|---|---|---|---|---|---|
r-devel-linux-x86_64-debian-clang | 1.0.2 | 11.70 | 100.13 | 111.83 | NOTE | |
r-devel-linux-x86_64-debian-gcc | 1.0.2 | 9.72 | 71.91 | 81.63 | NOTE | |
r-devel-linux-x86_64-fedora-clang | 1.0.2 | 187.10 | OK | |||
r-devel-linux-x86_64-fedora-gcc | 1.0.2 | 172.21 | OK | |||
r-devel-windows-x86_64 | 1.0.2 | 13.00 | 101.00 | 114.00 | OK | |
r-patched-linux-x86_64 | 1.0.2 | 13.06 | 95.10 | 108.16 | OK | |
r-release-linux-x86_64 | 1.0.2 | 11.89 | 95.18 | 107.07 | OK | |
r-release-macos-arm64 | 1.0.2 | 82.00 | OK | |||
r-release-macos-x86_64 | 1.0.2 | 114.00 | OK | |||
r-release-windows-x86_64 | 1.0.2 | 13.00 | 102.00 | 115.00 | OK | |
r-oldrel-macos-arm64 | 1.0.2 | 46.00 | OK | |||
r-oldrel-macos-x86_64 | 1.0.2 | 71.00 | OK | |||
r-oldrel-windows-x86_64 | 1.0.2 | 17.00 | 125.00 | 142.00 | OK |
Version: 1.0.2
Check: CRAN incoming feasibility
Result: NOTE
Maintainer: ‘Yang Liu <yl1241@economics.rutgers.edu>’
No Authors@R field in DESCRIPTION.
Please add one, modifying
Authors@R: c(person(given = "Victor",
family = "Chernozhukov",
role = c("aut", "cre")),
person(given = "Christian",
family = "Hansen",
role = c("aut", "cre")),
person(given = "Yuan",
family = "Liao",
role = c("aut", "cre")),
person(given = "Jaeheon",
family = "Jung",
role = c("ctb", "cre")),
person(given = "Yang",
family = "Liu",
role = c("ctb", "cre"),
email = "yl1241@economics.rutgers.edu"))
as necessary.
Flavors: r-devel-linux-x86_64-debian-clang, r-devel-linux-x86_64-debian-gcc