CRAN Package Check Results for Package LearnGeom

Last updated on 2025-05-06 03:51:06 CEST.

Flavor Version Tinstall Tcheck Ttotal Status Flags
r-devel-linux-x86_64-debian-clang 1.5 3.30 27.46 30.76 NOTE
r-devel-linux-x86_64-debian-gcc 1.5 2.42 21.05 23.47 NOTE
r-devel-linux-x86_64-fedora-clang 1.5 46.80 OK
r-devel-linux-x86_64-fedora-gcc 1.5 46.31 OK
r-devel-windows-x86_64 1.5 4.00 53.00 57.00 OK
r-patched-linux-x86_64 1.5 3.94 25.98 29.92 OK
r-release-linux-x86_64 1.5 3.13 26.23 29.36 OK
r-release-macos-arm64 1.5 19.00 OK
r-release-macos-x86_64 1.5 29.00 OK
r-release-windows-x86_64 1.5 5.00 54.00 59.00 OK
r-oldrel-macos-arm64 1.5 17.00 NOTE
r-oldrel-macos-x86_64 1.5 32.00 NOTE
r-oldrel-windows-x86_64 1.5 5.00 58.00 63.00 NOTE

Check Details

Version: 1.5
Check: CRAN incoming feasibility
Result: NOTE Maintainer: ‘Alvaro Briz-Redon <albrizre@gmail.com>’ No Authors@R field in DESCRIPTION. Please add one, modifying Authors@R: c(person(given = "Alvaro", family = "Briz-Redon", role = c("aut", "cre"), email = "albrizre@gmail.com"), person(given = "Angel", family = "Serrano-Aroca", role = "aut")) as necessary. Package CITATION file contains call(s) to old-style personList() or as.personList(). Please use c() on person objects instead. Package CITATION file contains call(s) to old-style citEntry(). Please use bibentry() instead. Flavors: r-devel-linux-x86_64-debian-clang, r-devel-linux-x86_64-debian-gcc

Version: 1.5
Check: LazyData
Result: NOTE 'LazyData' is specified without a 'data' directory Flavors: r-oldrel-macos-arm64, r-oldrel-macos-x86_64, r-oldrel-windows-x86_64