CRAN Package Check Results for Package M2SMF

Last updated on 2025-05-06 03:51:07 CEST.

Flavor Version Tinstall Tcheck Ttotal Status Flags
r-devel-linux-x86_64-debian-clang 2.0 4.34 39.40 43.74 OK
r-devel-linux-x86_64-debian-gcc 2.0 2.90 29.26 32.16 OK
r-devel-linux-x86_64-fedora-clang 2.0 70.78 OK
r-devel-linux-x86_64-fedora-gcc 2.0 81.43 OK
r-devel-windows-x86_64 2.0 6.00 58.00 64.00 OK
r-patched-linux-x86_64 2.0 3.96 37.22 41.18 OK
r-release-linux-x86_64 2.0 3.96 36.87 40.83 OK
r-release-macos-arm64 2.0 42.00 OK
r-release-macos-x86_64 2.0 52.00 OK
r-release-windows-x86_64 2.0 7.00 59.00 66.00 OK
r-oldrel-macos-arm64 2.0 29.00 NOTE
r-oldrel-macos-x86_64 2.0 44.00 NOTE
r-oldrel-windows-x86_64 2.0 7.00 69.00 76.00 NOTE

Check Details

Version: 2.0
Check: LazyData
Result: NOTE 'LazyData' is specified without a 'data' directory Flavors: r-oldrel-macos-arm64, r-oldrel-macos-x86_64, r-oldrel-windows-x86_64