CRAN Package Check Results for Package MBmca

Last updated on 2025-05-06 03:51:07 CEST.

Flavor Version Tinstall Tcheck Ttotal Status Flags
r-devel-linux-x86_64-debian-clang 1.0.1-3 9.98 94.06 104.04 NOTE
r-devel-linux-x86_64-debian-gcc 1.0.1-3 7.56 68.26 75.82 NOTE
r-devel-linux-x86_64-fedora-clang 1.0.1-3 161.68 OK
r-devel-linux-x86_64-fedora-gcc 1.0.1-3 170.49 OK
r-devel-windows-x86_64 1.0.1-3 12.00 112.00 124.00 NOTE
r-patched-linux-x86_64 1.0.1-3 10.09 89.93 100.02 NOTE
r-release-linux-x86_64 1.0.1-3 9.83 88.99 98.82 NOTE
r-release-macos-arm64 1.0.1-3 61.00 OK
r-release-macos-x86_64 1.0.1-3 131.00 OK
r-release-windows-x86_64 1.0.1-3 12.00 113.00 125.00 NOTE
r-oldrel-macos-arm64 1.0.1-3 50.00 OK
r-oldrel-macos-x86_64 1.0.1-3 128.00 OK
r-oldrel-windows-x86_64 1.0.1-3 15.00 138.00 153.00 OK

Check Details

Version: 1.0.1-3
Check: CRAN incoming feasibility
Result: NOTE Maintainer: ‘Stefan Roediger <stefan_roediger@gmx.de>’ Package CITATION file contains call(s) to old-style citEntry(). Please use bibentry() instead. Flavors: r-devel-linux-x86_64-debian-clang, r-devel-linux-x86_64-debian-gcc

Version: 1.0.1-3
Check: Rd cross-references
Result: NOTE Found the following Rd file(s) with Rd \link{} targets missing package anchors: mcaSmoother.Rd: lmrob Please provide package anchors for all Rd \link{} targets not in the package itself and the base packages. Flavors: r-devel-linux-x86_64-debian-clang, r-devel-linux-x86_64-debian-gcc, r-devel-windows-x86_64, r-patched-linux-x86_64, r-release-linux-x86_64, r-release-windows-x86_64