Last updated on 2025-07-03 03:49:46 CEST.
Flavor | Version | Tinstall | Tcheck | Ttotal | Status | Flags |
---|---|---|---|---|---|---|
r-devel-linux-x86_64-debian-clang | 0.2.3 | 14.32 | 85.83 | 100.15 | NOTE | |
r-devel-linux-x86_64-debian-gcc | 0.2.3 | 8.22 | 60.02 | 68.24 | NOTE | |
r-devel-linux-x86_64-fedora-clang | 0.2.3 | 146.83 | OK | |||
r-devel-linux-x86_64-fedora-gcc | 0.2.3 | 139.55 | OK | |||
r-devel-windows-x86_64 | 0.2.3 | 15.00 | 84.00 | 99.00 | OK | |
r-patched-linux-x86_64 | 0.2.3 | 14.63 | 76.93 | 91.56 | OK | |
r-release-linux-x86_64 | 0.2.3 | 13.63 | 76.33 | 89.96 | OK | |
r-release-macos-arm64 | 0.2.3 | 37.00 | OK | |||
r-release-macos-x86_64 | 0.2.3 | 71.00 | OK | |||
r-release-windows-x86_64 | 0.2.3 | 16.00 | 83.00 | 99.00 | OK | |
r-oldrel-macos-arm64 | 0.2.3 | 38.00 | OK | |||
r-oldrel-macos-x86_64 | 0.2.3 | 60.00 | OK | |||
r-oldrel-windows-x86_64 | 0.2.3 | 21.00 | 107.00 | 128.00 | OK |
Version: 0.2.3
Check: CRAN incoming feasibility
Result: NOTE
Maintainer: ‘Alka Benawra <alkabenawra@rogers.com>’
No Authors@R field in DESCRIPTION.
Please add one, modifying
Authors@R: person(given = "Alka",
family = "Benawra",
role = c("aut", "cre"),
email = "alkabenawra@rogers.com")
as necessary.
Flavors: r-devel-linux-x86_64-debian-clang, r-devel-linux-x86_64-debian-gcc