Last updated on 2025-05-04 03:50:59 CEST.
Flavor | Version | Tinstall | Tcheck | Ttotal | Status | Flags |
---|---|---|---|---|---|---|
r-devel-linux-x86_64-debian-clang | 1.6-8 | 4.27 | 50.43 | 54.70 | NOTE | |
r-devel-linux-x86_64-debian-gcc | 1.6-8 | 2.69 | 38.61 | 41.30 | NOTE | |
r-devel-linux-x86_64-fedora-clang | 1.6-8 | 86.44 | OK | |||
r-devel-linux-x86_64-fedora-gcc | 1.6-8 | 97.90 | OK | |||
r-devel-windows-x86_64 | 1.6-8 | 6.00 | 98.00 | 104.00 | OK | |
r-patched-linux-x86_64 | 1.6-8 | 4.59 | 48.22 | 52.81 | OK | |
r-release-linux-x86_64 | OK | |||||
r-release-macos-arm64 | 1.6-8 | 41.00 | OK | |||
r-release-macos-x86_64 | 1.6-8 | 73.00 | OK | |||
r-release-windows-x86_64 | 1.6-8 | 5.00 | 97.00 | 102.00 | OK | |
r-oldrel-macos-arm64 | 1.6-8 | 43.00 | OK | |||
r-oldrel-macos-x86_64 | 1.6-8 | 54.00 | OK | |||
r-oldrel-windows-x86_64 | 1.6-8 | 8.00 | 109.00 | 117.00 | OK |
Version: 1.6-8
Check: CRAN incoming feasibility
Result: NOTE
Maintainer: ‘Robin K. S. Hankin <hankin.robin@gmail.com>’
No Authors@R field in DESCRIPTION.
Please add one, modifying
Authors@R: c(person(given = c("Robin", "K.", "S."),
family = "Hankin",
role = c("aut", "cre"),
email = "hankin.robin@gmail.com"),
person(given = c("P.", "M.", "E."),
family = "Altham",
role = "aut"))
as necessary.
Flavors: r-devel-linux-x86_64-debian-clang, r-devel-linux-x86_64-debian-gcc