Last updated on 2025-05-07 03:51:06 CEST.
Flavor | Version | Tinstall | Tcheck | Ttotal | Status | Flags |
---|---|---|---|---|---|---|
r-devel-linux-x86_64-debian-clang | 2.3.1 | 81.52 | 261.16 | 342.68 | NOTE | |
r-devel-linux-x86_64-debian-gcc | 2.3.1 | 45.47 | 149.73 | 195.20 | NOTE | |
r-devel-linux-x86_64-fedora-clang | 2.3.1 | 543.08 | OK | |||
r-devel-linux-x86_64-fedora-gcc | 2.3.1 | 528.53 | OK | |||
r-devel-windows-x86_64 | 2.3.1 | 62.00 | 183.00 | 245.00 | OK | |
r-patched-linux-x86_64 | 2.3.1 | 79.59 | 236.93 | 316.52 | OK | |
r-release-linux-x86_64 | 2.3.1 | 78.94 | 236.30 | 315.24 | OK | |
r-release-macos-arm64 | 2.3.1 | 119.00 | OK | |||
r-release-macos-x86_64 | 2.3.1 | 323.00 | OK | |||
r-release-windows-x86_64 | 2.3.1 | 65.00 | 183.00 | 248.00 | OK | |
r-oldrel-macos-arm64 | 2.3.1 | 89.00 | OK | |||
r-oldrel-macos-x86_64 | 2.3.1 | 205.00 | OK | |||
r-oldrel-windows-x86_64 | 2.3.1 | 66.00 | 178.00 | 244.00 | OK |
Version: 2.3.1
Check: CRAN incoming feasibility
Result: NOTE
Maintainer: ‘Mahdi Teimouri <teimouri@aut.ac.ir>’
No Authors@R field in DESCRIPTION.
Please add one, modifying
Authors@R: c(person(given = "Mahdi",
family = "Teimouri",
role = c("aut", "cre"),
email = "teimouri@aut.ac.ir"),
person(given = "Saralees",
family = "Nadarajah",
role = "aut"))
as necessary.
Flavors: r-devel-linux-x86_64-debian-clang, r-devel-linux-x86_64-debian-gcc