Last updated on 2025-05-06 03:51:08 CEST.
Flavor | Version | Tinstall | Tcheck | Ttotal | Status | Flags |
---|---|---|---|---|---|---|
r-devel-linux-x86_64-debian-clang | 1.0 | 5.86 | 41.59 | 47.45 | NOTE | |
r-devel-linux-x86_64-debian-gcc | 1.0 | 3.84 | 29.77 | 33.61 | NOTE | |
r-devel-linux-x86_64-fedora-clang | 1.0 | 72.74 | OK | |||
r-devel-linux-x86_64-fedora-gcc | 1.0 | 71.61 | OK | |||
r-devel-windows-x86_64 | 1.0 | 6.00 | 60.00 | 66.00 | OK | |
r-patched-linux-x86_64 | 1.0 | 6.11 | 39.15 | 45.26 | OK | |
r-release-linux-x86_64 | 1.0 | 4.72 | 39.83 | 44.55 | OK | |
r-release-macos-arm64 | 1.0 | 26.00 | OK | |||
r-release-macos-x86_64 | 1.0 | 45.00 | OK | |||
r-release-windows-x86_64 | 1.0 | 6.00 | 64.00 | 70.00 | OK | |
r-oldrel-macos-arm64 | 1.0 | 24.00 | OK | |||
r-oldrel-macos-x86_64 | 1.0 | 37.00 | OK | |||
r-oldrel-windows-x86_64 | 1.0 | 6.00 | 71.00 | 77.00 | OK |
Version: 1.0
Check: CRAN incoming feasibility
Result: NOTE
Maintainer: ‘Tom Stindl <t.stindl@unsw.edu.au>’
No Authors@R field in DESCRIPTION.
Please add one, modifying
Authors@R: c(person(given = "Tom",
family = "Stindl",
role = c("aut", "cre"),
email = "t.stindl@unsw.edu.au"),
person(given = "Feng",
family = "Chen",
role = "aut"))
as necessary.
Flavors: r-devel-linux-x86_64-debian-clang, r-devel-linux-x86_64-debian-gcc