Last updated on 2025-10-31 02:50:37 CET.
| Flavor | Version | Tinstall | Tcheck | Ttotal | Status | Flags | 
|---|---|---|---|---|---|---|
| r-devel-linux-x86_64-debian-clang | 1.0.1 | 7.07 | 63.19 | 70.26 | NOTE | |
| r-devel-linux-x86_64-debian-gcc | 1.0.1 | 5.37 | 48.47 | 53.84 | NOTE | |
| r-devel-linux-x86_64-fedora-clang | 1.0.1 | 34.00 | 77.61 | 111.61 | OK | |
| r-devel-linux-x86_64-fedora-gcc | 1.0.1 | 39.00 | 68.56 | 107.56 | OK | |
| r-devel-windows-x86_64 | 1.0.1 | 8.00 | 69.00 | 77.00 | OK | |
| r-patched-linux-x86_64 | 1.0.1 | 7.61 | 59.41 | 67.02 | OK | |
| r-release-linux-x86_64 | 1.0.1 | 6.85 | 59.94 | 66.79 | OK | |
| r-release-macos-arm64 | 1.0.1 | 5.00 | 39.00 | 44.00 | OK | |
| r-release-macos-x86_64 | 1.0.1 | 9.00 | 70.00 | 79.00 | OK | |
| r-release-windows-x86_64 | 1.0.1 | 8.00 | 73.00 | 81.00 | OK | |
| r-oldrel-macos-arm64 | 1.0.1 | 5.00 | 40.00 | 45.00 | OK | |
| r-oldrel-macos-x86_64 | 1.0.1 | 7.00 | 48.00 | 55.00 | OK | |
| r-oldrel-windows-x86_64 | 1.0.1 | 11.00 | 91.00 | 102.00 | OK | 
Version: 1.0.1
Check: CRAN incoming feasibility
Result: NOTE
  Maintainer: ‘Qi Yan <qy2253@cumc.columbia.edu>’
  
  No Authors@R field in DESCRIPTION.
  Please add one, modifying
    Authors@R: person(given = "Qi",
                      family = "Yan",
                      role = c("aut", "cre"),
                      email = "qy2253@cumc.columbia.edu")
  as necessary.
Flavors: r-devel-linux-x86_64-debian-clang, r-devel-linux-x86_64-debian-gcc