Last updated on 2025-05-06 03:51:08 CEST.
Flavor | Version | Tinstall | Tcheck | Ttotal | Status | Flags |
---|---|---|---|---|---|---|
r-devel-linux-x86_64-debian-clang | 3.2 | 32.05 | 155.78 | 187.83 | OK | |
r-devel-linux-x86_64-debian-gcc | 3.2 | 21.03 | 109.93 | 130.96 | OK | |
r-devel-linux-x86_64-fedora-clang | 3.2 | 285.61 | OK | |||
r-devel-linux-x86_64-fedora-gcc | 3.2 | 304.08 | OK | |||
r-devel-windows-x86_64 | 3.2 | 35.00 | 166.00 | 201.00 | OK | |
r-patched-linux-x86_64 | 3.2 | 29.64 | 149.67 | 179.31 | OK | |
r-release-linux-x86_64 | 3.2 | 29.25 | 148.10 | 177.35 | OK | |
r-release-macos-arm64 | 3.2 | 80.00 | OK | |||
r-release-macos-x86_64 | 3.2 | 139.00 | OK | |||
r-release-windows-x86_64 | 3.2 | 35.00 | 164.00 | 199.00 | OK | |
r-oldrel-macos-arm64 | 3.2 | 79.00 | NOTE | |||
r-oldrel-macos-x86_64 | 3.2 | 161.00 | NOTE | |||
r-oldrel-windows-x86_64 | 3.2 | 43.00 | 209.00 | 252.00 | NOTE |
Version: 3.2
Check: installed package size
Result: NOTE
installed size is 6.2Mb
sub-directories of 1Mb or more:
doc 3.3Mb
libs 1.6Mb
Flavors: r-oldrel-macos-arm64, r-oldrel-macos-x86_64, r-oldrel-windows-x86_64