Last updated on 2025-07-04 03:50:31 CEST.
Flavor | Version | Tinstall | Tcheck | Ttotal | Status | Flags |
---|---|---|---|---|---|---|
r-devel-linux-x86_64-debian-clang | 0.3.3 | 0.29 | 2.65 | 2.94 | ERROR | |
r-devel-linux-x86_64-debian-gcc | 0.4.0 | 17.94 | 132.33 | 150.27 | OK | |
r-devel-linux-x86_64-fedora-clang | 0.4.0 | 343.91 | OK | |||
r-devel-linux-x86_64-fedora-gcc | 0.4.0 | 333.57 | OK | |||
r-devel-windows-x86_64 | 0.4.0 | 25.00 | 191.00 | 216.00 | OK | |
r-release-linux-x86_64 | 0.3.3 | 28.74 | 212.87 | 241.61 | NOTE | |
r-release-macos-arm64 | 0.3.3 | 112.00 | NOTE | |||
r-release-macos-x86_64 | 0.4.0 | 174.00 | OK | |||
r-release-windows-x86_64 | 0.4.0 | 27.00 | 181.00 | 208.00 | OK | |
r-oldrel-macos-arm64 | 0.3.3 | 96.00 | NOTE | |||
r-oldrel-macos-x86_64 | 0.4.0 | 179.00 | OK | |||
r-oldrel-windows-x86_64 | 0.4.0 | 26.00 | 241.00 | 267.00 | OK |
Version: 0.3.3
Check: whether package can be installed
Result: ERROR
Installation failed.
Flavor: r-devel-linux-x86_64-debian-clang
Version: 0.3.3
Check: Rd files
Result: NOTE
checkRd: (-1) SignalProcessing.Rd:42: Lost braces; missing escapes or markup?
42 | \item{calibrateIntensity_method}{a \code{character} indicating the intensities calibration method used (\code{"TIC"} method by default). This calibration method can be remplaced by \code{"PQN"} or {"median"}.See \code{calibrateIntensity-methods} of the \code{MALDIquant} R package for details.}
| ^
Flavors: r-release-linux-x86_64, r-release-macos-arm64, r-oldrel-macos-arm64