Last updated on 2025-05-06 03:51:08 CEST.
Flavor | Version | Tinstall | Tcheck | Ttotal | Status | Flags |
---|---|---|---|---|---|---|
r-devel-linux-x86_64-debian-clang | 1.4 | 2.53 | 22.75 | 25.28 | NOTE | |
r-devel-linux-x86_64-debian-gcc | 1.4 | 1.99 | 18.79 | 20.78 | NOTE | |
r-devel-linux-x86_64-fedora-clang | 1.4 | 39.80 | OK | |||
r-devel-linux-x86_64-fedora-gcc | 1.4 | 39.57 | OK | |||
r-devel-windows-x86_64 | 1.4 | 3.00 | 43.00 | 46.00 | OK | |
r-patched-linux-x86_64 | 1.4 | 2.56 | 22.03 | 24.59 | OK | |
r-release-linux-x86_64 | 1.4 | 1.98 | 21.98 | 23.96 | OK | |
r-release-macos-arm64 | 1.4 | 20.00 | OK | |||
r-release-macos-x86_64 | 1.4 | 33.00 | OK | |||
r-release-windows-x86_64 | 1.4 | 4.00 | 44.00 | 48.00 | OK | |
r-oldrel-macos-arm64 | 1.4 | 16.00 | NOTE | |||
r-oldrel-macos-x86_64 | 1.4 | 30.00 | NOTE | |||
r-oldrel-windows-x86_64 | 1.4 | 3.00 | 49.00 | 52.00 | NOTE |
Version: 1.4
Check: CRAN incoming feasibility
Result: NOTE
Maintainer: ‘Monica Calderon-Santiago <b42casam@uco.es>’
No Authors@R field in DESCRIPTION.
Please add one, modifying
Authors@R: person(given = "Monica",
family = "Calderon-Santiago",
role = c("aut", "cre"),
email = "b42casam@uco.es")
as necessary.
Flavors: r-devel-linux-x86_64-debian-clang, r-devel-linux-x86_64-debian-gcc
Version: 1.4
Check: LazyData
Result: NOTE
'LazyData' is specified without a 'data' directory
Flavors: r-oldrel-macos-arm64, r-oldrel-macos-x86_64, r-oldrel-windows-x86_64