Last updated on 2025-05-07 03:51:06 CEST.
Flavor | Version | Tinstall | Tcheck | Ttotal | Status | Flags |
---|---|---|---|---|---|---|
r-devel-linux-x86_64-debian-clang | 1.2.0 | 2.29 | 27.67 | 29.96 | OK | |
r-devel-linux-x86_64-debian-gcc | 1.2.0 | 1.71 | 21.78 | 23.49 | OK | |
r-devel-linux-x86_64-fedora-clang | 1.2.0 | 43.45 | OK | |||
r-devel-linux-x86_64-fedora-gcc | 1.2.0 | 43.03 | OK | |||
r-devel-windows-x86_64 | 1.2.0 | 4.00 | 58.00 | 62.00 | OK | |
r-patched-linux-x86_64 | 1.2.0 | 3.35 | 25.39 | 28.74 | OK | |
r-release-linux-x86_64 | 1.2.0 | 2.32 | 25.15 | 27.47 | OK | |
r-release-macos-arm64 | 1.2.0 | 21.00 | OK | |||
r-release-macos-x86_64 | 1.2.0 | 38.00 | OK | |||
r-release-windows-x86_64 | 1.2.0 | 3.00 | 58.00 | 61.00 | OK | |
r-oldrel-macos-arm64 | 1.2.0 | 17.00 | NOTE | |||
r-oldrel-macos-x86_64 | 1.2.0 | 30.00 | NOTE | |||
r-oldrel-windows-x86_64 | 1.2.0 | 4.00 | 62.00 | 66.00 | NOTE |
Version: 1.2.0
Check: LazyData
Result: NOTE
'LazyData' is specified without a 'data' directory
Flavors: r-oldrel-macos-arm64, r-oldrel-macos-x86_64, r-oldrel-windows-x86_64