CRAN Package Check Results for Package MVQuickGraphs

Last updated on 2025-05-06 03:51:09 CEST.

Flavor Version Tinstall Tcheck Ttotal Status Flags
r-devel-linux-x86_64-debian-clang 0.1.2 1.70 18.10 19.80 NOTE
r-devel-linux-x86_64-debian-gcc 0.1.2 1.31 15.29 16.60 NOTE
r-devel-linux-x86_64-fedora-clang 0.1.2 31.11 OK
r-devel-linux-x86_64-fedora-gcc 0.1.2 29.95 OK
r-devel-windows-x86_64 0.1.2 4.00 44.00 48.00 OK
r-patched-linux-x86_64 0.1.2 1.82 17.61 19.43 OK
r-release-linux-x86_64 0.1.2 1.64 17.73 19.37 OK
r-release-macos-arm64 0.1.2 14.00 OK
r-release-macos-x86_64 0.1.2 27.00 OK
r-release-windows-x86_64 0.1.2 4.00 46.00 50.00 OK
r-oldrel-macos-arm64 0.1.2 15.00 NOTE
r-oldrel-macos-x86_64 0.1.2 21.00 NOTE
r-oldrel-windows-x86_64 0.1.2 4.00 43.00 47.00 NOTE

Check Details

Version: 0.1.2
Check: CRAN incoming feasibility
Result: NOTE Maintainer: ‘Douglas Whitaker <douglas.whitaker@msvu.ca>’ No Authors@R field in DESCRIPTION. Please add one, modifying Authors@R: person(given = "Douglas", family = "Whitaker", role = c("aut", "cre"), email = "douglas.whitaker@msvu.ca") as necessary. Flavors: r-devel-linux-x86_64-debian-clang, r-devel-linux-x86_64-debian-gcc

Version: 0.1.2
Check: LazyData
Result: NOTE 'LazyData' is specified without a 'data' directory Flavors: r-oldrel-macos-arm64, r-oldrel-macos-x86_64, r-oldrel-windows-x86_64