Last updated on 2025-10-31 02:50:35 CET.
| Flavor | Version | Tinstall | Tcheck | Ttotal | Status | Flags | 
|---|---|---|---|---|---|---|
| r-devel-linux-x86_64-debian-clang | 2.1.5 | 7.71 | 107.31 | 115.02 | NOTE | |
| r-devel-linux-x86_64-debian-gcc | 2.1.5 | 4.78 | 79.80 | 84.58 | NOTE | |
| r-devel-linux-x86_64-fedora-clang | 2.1.5 | 16.00 | 160.72 | 176.72 | NOTE | |
| r-devel-linux-x86_64-fedora-gcc | 2.1.5 | 32.00 | 161.91 | 193.91 | NOTE | |
| r-devel-windows-x86_64 | 2.1.5 | 11.00 | 347.00 | 358.00 | NOTE | |
| r-patched-linux-x86_64 | 2.1.5 | 6.06 | 102.27 | 108.33 | NOTE | |
| r-release-linux-x86_64 | 2.1.5 | 7.45 | 103.00 | 110.45 | NOTE | |
| r-release-macos-arm64 | 2.1.5 | 4.00 | 209.00 | 213.00 | NOTE | |
| r-release-macos-x86_64 | 2.1.5 | 5.00 | 309.00 | 314.00 | NOTE | |
| r-release-windows-x86_64 | 2.1.5 | 9.00 | 352.00 | 361.00 | NOTE | |
| r-oldrel-macos-arm64 | 2.1.5 | 3.00 | 160.00 | 163.00 | NOTE | |
| r-oldrel-macos-x86_64 | 2.1.5 | 5.00 | 253.00 | 258.00 | NOTE | |
| r-oldrel-windows-x86_64 | 2.1.5 | 12.00 | 476.00 | 488.00 | NOTE | 
Version: 2.1.5
Check: CRAN incoming feasibility
Result: NOTE
  Maintainer: ‘Balazs Dobi <dobibalazs@inf.elte.hu>’
  
  No Authors@R field in DESCRIPTION.
  Please add one, modifying
    Authors@R: c(person(given = c("Balazs", "Dobi", "&", "Andras"),
                        family = "Zempleni",
                        role = "aut"),
                 person(given = "Balazs",
                        family = "Dobi",
                        role = "cre",
                        email = "dobibalazs@inf.elte.hu"))
  as necessary.
Flavors: r-devel-linux-x86_64-debian-clang, r-devel-linux-x86_64-debian-gcc
Version: 2.1.5
Check: Rd files
Result: NOTE
  checkRd: (-1) Markovchart.Rd:154: Lost braces
     154 | If either \code{h} or \code{k} have length greater than 1, then the \code{G-value} (weighted average of average cost and cost standard deviation) is calculated for all given values without optimisation. The value of the function in this case is a data frame of class code{Markov_grid} with \code{length(h)*length(k)} number of rows and three columns for \code{h}, \code{k} and the \code{G-value}.
         |                                                                                                                                                                                                                                                                                ^
Flavors: r-devel-linux-x86_64-debian-clang, r-devel-linux-x86_64-debian-gcc, r-devel-linux-x86_64-fedora-clang, r-devel-linux-x86_64-fedora-gcc, r-devel-windows-x86_64, r-patched-linux-x86_64, r-release-linux-x86_64, r-release-macos-arm64, r-release-macos-x86_64, r-release-windows-x86_64, r-oldrel-macos-arm64, r-oldrel-macos-x86_64, r-oldrel-windows-x86_64