Last updated on 2025-05-07 03:51:05 CEST.
Flavor | Version | Tinstall | Tcheck | Ttotal | Status | Flags |
---|---|---|---|---|---|---|
r-devel-linux-x86_64-debian-clang | 0.4 | 11.34 | 142.82 | 154.16 | NOTE | |
r-devel-linux-x86_64-debian-gcc | 0.4 | 8.71 | 103.02 | 111.73 | NOTE | |
r-devel-linux-x86_64-fedora-clang | 0.4 | 263.50 | OK | |||
r-devel-linux-x86_64-fedora-gcc | 0.4 | 263.85 | OK | |||
r-devel-windows-x86_64 | 0.4 | 12.00 | 145.00 | 157.00 | NOTE | |
r-patched-linux-x86_64 | 0.4 | 11.64 | 137.27 | 148.91 | NOTE | |
r-release-linux-x86_64 | 0.4 | 11.90 | 135.90 | 147.80 | NOTE | |
r-release-macos-arm64 | 0.4 | 79.00 | OK | |||
r-release-macos-x86_64 | 0.4 | 148.00 | OK | |||
r-release-windows-x86_64 | 0.4 | 13.00 | 143.00 | 156.00 | NOTE | |
r-oldrel-macos-arm64 | 0.4 | 69.00 | OK | |||
r-oldrel-macos-x86_64 | 0.4 | 109.00 | OK | |||
r-oldrel-windows-x86_64 | 0.4 | 23.00 | 177.00 | 200.00 | OK |
Version: 0.4
Check: Rd cross-references
Result: NOTE
Found the following Rd file(s) with Rd \link{} targets missing package
anchors:
KODAMA.chem.sim.Rd: KODAMA.matrix, KODAMA.visualization
chemical.dissimilarity.Rd: fp.sim.matrix, get.fingerprint
clusters.detection.Rd: KODAMA.matrix, KODAMA.visualization
Please provide package anchors for all Rd \link{} targets not in the
package itself and the base packages.
Flavors: r-devel-linux-x86_64-debian-clang, r-devel-linux-x86_64-debian-gcc, r-devel-windows-x86_64, r-patched-linux-x86_64, r-release-linux-x86_64, r-release-windows-x86_64