CRAN Package Check Results for Package MetaIntegration

Last updated on 2025-05-06 03:51:07 CEST.

Flavor Version Tinstall Tcheck Ttotal Status Flags
r-devel-linux-x86_64-debian-clang 0.1.2 2.85 36.32 39.17 NOTE
r-devel-linux-x86_64-debian-gcc 0.1.2 1.85 26.81 28.66 NOTE
r-devel-linux-x86_64-fedora-clang 0.1.2 61.62 NOTE
r-devel-linux-x86_64-fedora-gcc 0.1.2 61.59 NOTE
r-devel-windows-x86_64 0.1.2 4.00 61.00 65.00 NOTE
r-patched-linux-x86_64 0.1.2 2.57 33.59 36.16 NOTE
r-release-linux-x86_64 0.1.2 2.56 33.40 35.96 NOTE
r-release-macos-arm64 0.1.2 25.00 NOTE
r-release-macos-x86_64 0.1.2 37.00 NOTE
r-release-windows-x86_64 0.1.2 4.00 61.00 65.00 NOTE
r-oldrel-macos-arm64 0.1.2 22.00 NOTE
r-oldrel-macos-x86_64 0.1.2 32.00 NOTE
r-oldrel-windows-x86_64 0.1.2 4.00 67.00 71.00 NOTE

Check Details

Version: 0.1.2
Check: CRAN incoming feasibility
Result: NOTE Maintainer: ‘Michael Kleinsasser <mkleinsa@umich.edu>’ The Description field contains (2020) <arXiv:2010.09971>. A meta-analysis framework along with two Please refer to arXiv e-prints via their arXiv DOI <doi:10.48550/arXiv.YYMM.NNNNN>. Flavors: r-devel-linux-x86_64-debian-clang, r-devel-linux-x86_64-debian-gcc

Version: 0.1.2
Check: Rd files
Result: NOTE checkRd: (-1) asympVar_LinReg.Rd:52: Lost braces in \itemize; \value handles \item{}{} directly checkRd: (-1) asympVar_LinReg.Rd:53: Lost braces in \itemize; \value handles \item{}{} directly checkRd: (-1) asympVar_LinReg.Rd:54: Lost braces in \itemize; \value handles \item{}{} directly checkRd: (-1) asympVar_LinReg.Rd:55: Lost braces in \itemize; \value handles \item{}{} directly checkRd: (-1) asympVar_LinReg.Rd:56: Lost braces in \itemize; \value handles \item{}{} directly checkRd: (-1) asympVar_LogReg.Rd:55: Lost braces in \itemize; \value handles \item{}{} directly checkRd: (-1) asympVar_LogReg.Rd:56: Lost braces in \itemize; \value handles \item{}{} directly checkRd: (-1) asympVar_LogReg.Rd:57: Lost braces in \itemize; \value handles \item{}{} directly checkRd: (-1) asympVar_LogReg.Rd:58: Lost braces in \itemize; \value handles \item{}{} directly checkRd: (-1) asympVar_LogReg.Rd:59: Lost braces in \itemize; \value handles \item{}{} directly checkRd: (-1) get_gamma_EB.Rd:19: Lost braces in \itemize; \value handles \item{}{} directly checkRd: (-1) get_gamma_EB.Rd:20: Lost braces in \itemize; \value handles \item{}{} directly checkRd: (-1) get_gamma_EB.Rd:21: Lost braces in \itemize; \value handles \item{}{} directly Flavors: r-devel-linux-x86_64-debian-clang, r-devel-linux-x86_64-debian-gcc, r-devel-linux-x86_64-fedora-clang, r-devel-linux-x86_64-fedora-gcc, r-devel-windows-x86_64, r-patched-linux-x86_64, r-release-linux-x86_64, r-release-macos-arm64, r-release-macos-x86_64, r-release-windows-x86_64, r-oldrel-macos-arm64, r-oldrel-macos-x86_64, r-oldrel-windows-x86_64

Version: 0.1.2
Check: dependencies in R code
Result: NOTE Namespace in Imports field not imported from: ‘knitr’ All declared Imports should be used. Flavors: r-devel-linux-x86_64-fedora-clang, r-devel-linux-x86_64-fedora-gcc

Version: 0.1.2
Check: LazyData
Result: NOTE 'LazyData' is specified without a 'data' directory Flavors: r-oldrel-macos-arm64, r-oldrel-macos-x86_64, r-oldrel-windows-x86_64