CRAN Package Check Results for Package MetaLandSim

Last updated on 2025-05-06 03:51:07 CEST.

Flavor Version Tinstall Tcheck Ttotal Status Flags
r-devel-linux-x86_64-debian-clang 2.0.0 34.24 333.55 367.79 NOTE
r-devel-linux-x86_64-debian-gcc 2.0.0 23.24 214.09 237.33 NOTE
r-devel-linux-x86_64-fedora-clang 2.0.0 584.25 NOTE
r-devel-linux-x86_64-fedora-gcc 2.0.0 600.03 NOTE
r-devel-windows-x86_64 2.0.0 30.00 264.00 294.00 ERROR
r-patched-linux-x86_64 2.0.0 32.87 321.06 353.93 NOTE
r-release-linux-x86_64 2.0.0 34.42 315.41 349.83 NOTE
r-release-macos-arm64 2.0.0 143.00 NOTE
r-release-macos-x86_64 2.0.0 312.00 NOTE
r-release-windows-x86_64 2.0.0 33.00 306.00 339.00 NOTE
r-oldrel-macos-arm64 2.0.0 131.00 NOTE
r-oldrel-macos-x86_64 2.0.0 218.00 NOTE
r-oldrel-windows-x86_64 2.0.0 43.00 403.00 446.00 NOTE

Check Details

Version: 2.0.0
Check: CRAN incoming feasibility
Result: NOTE Maintainer: ‘Frederico Mestre <mestre.frederico@gmail.com>’ No Authors@R field in DESCRIPTION. Please add one, modifying Authors@R: c(person(given = "Frederico", family = "Mestre", role = c("aut", "cre"), email = "mestre.frederico@gmail.com"), person(given = "Fernando", family = "Canovas", role = "aut"), person(given = "Benjamin", family = "Risk", role = "aut"), person(given = "Ricardo", family = "Pita", role = "aut"), person(given = "Antonio", family = "Mira", role = "aut"), person(given = "Pedro", family = "Beja.", role = "aut")) as necessary. Package CITATION file contains call(s) to old-style personList() or as.personList(). Please use c() on person objects instead. Package CITATION file contains call(s) to old-style citEntry(). Please use bibentry() instead. Flavors: r-devel-linux-x86_64-debian-clang, r-devel-linux-x86_64-debian-gcc

Version: 2.0.0
Check: Rd files
Result: NOTE checkRd: (-1) rland.graph.Rd:27: Lost braces in \itemize; \value handles \item{}{} directly checkRd: (-1) rland.graph.Rd:28: Lost braces in \itemize; \value handles \item{}{} directly checkRd: (-1) rland.graph.Rd:29: Lost braces in \itemize; \value handles \item{}{} directly checkRd: (-1) rland.graph.Rd:30: Lost braces in \itemize; \value handles \item{}{} directly checkRd: (-1) rland.graph.Rd:31: Lost braces in \itemize; \value handles \item{}{} directly checkRd: (-1) rland.graph.Rd:32: Lost braces in \itemize; \value handles \item{}{} directly checkRd: (-1) rland.graph.Rd:33-34: Lost braces in \itemize; \value handles \item{}{} directly Flavors: r-devel-linux-x86_64-debian-clang, r-devel-linux-x86_64-debian-gcc, r-devel-linux-x86_64-fedora-clang, r-devel-linux-x86_64-fedora-gcc, r-devel-windows-x86_64, r-patched-linux-x86_64, r-release-linux-x86_64, r-release-macos-arm64, r-release-macos-x86_64, r-release-windows-x86_64, r-oldrel-macos-arm64, r-oldrel-macos-x86_64, r-oldrel-windows-x86_64

Version: 2.0.0
Check: whether the package can be unloaded cleanly
Result: WARN
Flavor: r-devel-windows-x86_64

Version: 2.0.0
Check: re-building of vignette outputs
Result: ERROR Error(s) in re-building vignettes: --- re-building 'landscape_simulation-knitr.Rnw' using Sweave Loading required package: igraph Attaching package: 'igraph' The following objects are masked from 'package:stats': decompose, spectrum The following object is masked from 'package:base': union --- re-building 'parameter_estimation-knitr.Rnw' using Sweave Loading required package: igraph Attaching package: 'igraph' The following objects are masked from 'package:stats': decompose, spectrum The following object is masked from 'package:base': union --- finished re-building 'parameter_estimation-knitr.Rnw' --- re-building 'range_expansion-knitr.Rnw' using Sweave --- finished re-building 'range_expansion-knitr.Rnw' SUMMARY: processing the following file failed: 'landscape_simulation-knitr.Rnw' Error: Vignette re-building failed. Execution halted Flavor: r-devel-windows-x86_64

Version: 2.0.0
Check: installed package size
Result: NOTE installed size is 14.4Mb sub-directories of 1Mb or more: data 3.0Mb examples 10.3Mb Flavors: r-oldrel-macos-arm64, r-oldrel-macos-x86_64, r-oldrel-windows-x86_64