Last updated on 2025-11-04 03:50:57 CET.
| Flavor | Version | Tinstall | Tcheck | Ttotal | Status | Flags | 
|---|---|---|---|---|---|---|
| r-devel-linux-x86_64-debian-clang | 1.0.0 | 398.54 | 194.26 | 592.80 | OK | |
| r-devel-linux-x86_64-debian-gcc | 1.0.0 | 347.15 | 163.61 | 510.76 | OK | |
| r-devel-linux-x86_64-fedora-clang | 1.0.0 | 900.00 | 30.48 | 930.48 | OK | |
| r-devel-linux-x86_64-fedora-gcc | 1.0.0 | 1080.00 | 98.20 | 1178.20 | OK | |
| r-devel-windows-x86_64 | 1.0.0 | 426.00 | 232.00 | 658.00 | OK | |
| r-patched-linux-x86_64 | 1.0.0 | 450.08 | 222.29 | 672.37 | OK | |
| r-release-linux-x86_64 | 1.0.0 | 474.07 | 222.44 | 696.51 | OK | |
| r-release-macos-arm64 | 1.0.0 | 173.00 | 73.00 | 246.00 | OK | |
| r-release-macos-x86_64 | 1.0.0 | 165.00 | 159.00 | 324.00 | OK | |
| r-release-windows-x86_64 | 1.0.0 | 423.00 | 226.00 | 649.00 | OK | |
| r-oldrel-macos-arm64 | 1.0.0 | 86.00 | 50.00 | 136.00 | NOTE | |
| r-oldrel-macos-x86_64 | 1.0.0 | 80.00 | 85.00 | 165.00 | NOTE | |
| r-oldrel-windows-x86_64 | 1.0.0 | 490.00 | 311.00 | 801.00 | NOTE | 
Version: 1.0.0
Check: installed package size
Result: NOTE
    installed size is 91.3Mb
    sub-directories of 1Mb or more:
      libs  90.8Mb
Flavors: r-oldrel-macos-arm64, r-oldrel-macos-x86_64
Version: 1.0.0
Check: for GNU extensions in Makefiles
Result: NOTE
  GNU make is a SystemRequirements.
Flavors: r-oldrel-macos-arm64, r-oldrel-macos-x86_64, r-oldrel-windows-x86_64