Last updated on 2025-05-07 03:51:05 CEST.
Flavor | Version | Tinstall | Tcheck | Ttotal | Status | Flags |
---|---|---|---|---|---|---|
r-devel-linux-x86_64-debian-clang | 0.1.0 | 7.37 | 82.75 | 90.12 | NOTE | |
r-devel-linux-x86_64-debian-gcc | 0.1.0 | 4.89 | 57.56 | 62.45 | NOTE | |
r-devel-linux-x86_64-fedora-clang | 0.1.0 | 152.78 | OK | |||
r-devel-linux-x86_64-fedora-gcc | 0.1.0 | 147.61 | OK | |||
r-devel-windows-x86_64 | 0.1.0 | 9.00 | 107.00 | 116.00 | OK | |
r-patched-linux-x86_64 | 0.1.0 | 9.95 | 77.72 | 87.67 | OK | |
r-release-linux-x86_64 | 0.1.0 | 7.26 | 77.81 | 85.07 | OK | |
r-release-macos-arm64 | 0.1.0 | 5.00 | ERROR | |||
r-release-macos-x86_64 | 0.1.0 | 6.00 | ERROR | |||
r-release-windows-x86_64 | 0.1.0 | 9.00 | 106.00 | 115.00 | OK | |
r-oldrel-macos-arm64 | 0.1.0 | 45.00 | OK | |||
r-oldrel-macos-x86_64 | 0.1.0 | 66.00 | OK | |||
r-oldrel-windows-x86_64 | 0.1.0 | 12.00 | 134.00 | 146.00 | OK |
Version: 0.1.0
Check: CRAN incoming feasibility
Result: NOTE
Maintainer: ‘Thi Huyen Nguyen <thihuyen.nguyen@uhasselt.be>’
The BugReports field in DESCRIPTION has
https://github.com/N-T-Huyen/MicrobiomeSurv/issues/new
which should likely be
https://github.com/N-T-Huyen/MicrobiomeSurv/issues/new/issues
instead.
Flavors: r-devel-linux-x86_64-debian-clang, r-devel-linux-x86_64-debian-gcc
Version: 0.1.0
Check: package dependencies
Result: ERROR
Package required but not available: ‘microbiome’
See section ‘The DESCRIPTION file’ in the ‘Writing R Extensions’
manual.
Flavors: r-release-macos-arm64, r-release-macos-x86_64