Last updated on 2025-10-31 02:50:37 CET.
| Flavor | Version | Tinstall | Tcheck | Ttotal | Status | Flags | 
|---|---|---|---|---|---|---|
| r-devel-linux-x86_64-debian-clang | 1.0.6 | 3.35 | 57.15 | 60.50 | NOTE | |
| r-devel-linux-x86_64-debian-gcc | 1.0.6 | 2.19 | 41.77 | 43.96 | NOTE | |
| r-devel-linux-x86_64-fedora-clang | 1.0.6 | 94.25 | OK | |||
| r-devel-linux-x86_64-fedora-gcc | 1.0.6 | 104.32 | OK | |||
| r-devel-windows-x86_64 | 1.0.6 | 5.00 | 71.00 | 76.00 | OK | |
| r-patched-linux-x86_64 | 1.0.6 | 2.91 | 53.94 | 56.85 | OK | |
| r-release-linux-x86_64 | 1.0.6 | 3.47 | 53.31 | 56.78 | OK | |
| r-release-macos-arm64 | 1.0.6 | 2.00 | 31.00 | 33.00 | OK | |
| r-release-macos-x86_64 | 1.0.6 | 3.00 | 62.00 | 65.00 | OK | |
| r-release-windows-x86_64 | 1.0.6 | 4.00 | 74.00 | 78.00 | OK | |
| r-oldrel-macos-arm64 | 1.0.6 | 2.00 | 29.00 | 31.00 | OK | |
| r-oldrel-macos-x86_64 | 1.0.6 | 3.00 | 47.00 | 50.00 | OK | |
| r-oldrel-windows-x86_64 | 1.0.6 | 7.00 | 93.00 | 100.00 | OK | 
Version: 1.0.6
Check: CRAN incoming feasibility
Result: NOTE
  Maintainer: ‘Christian Hendrik Leschinski <christian_leschinski@gmx.de>’
  
  No Authors@R field in DESCRIPTION.
  Please add one, modifying
    Authors@R: person(given = c("Christian", "Hendrik"),
                      family = "Leschinski",
                      role = c("aut", "cre"),
                      email = "christian_leschinski@gmx.de")
  as necessary.
Flavors: r-devel-linux-x86_64-debian-clang, r-devel-linux-x86_64-debian-gcc