Last updated on 2025-05-06 03:51:09 CEST.
Flavor | Version | Tinstall | Tcheck | Ttotal | Status | Flags |
---|---|---|---|---|---|---|
r-devel-linux-x86_64-debian-clang | 1.1.3 | 5.69 | 61.62 | 67.31 | NOTE | |
r-devel-linux-x86_64-debian-gcc | 1.1.3 | 5.50 | 48.15 | 53.65 | NOTE | |
r-devel-linux-x86_64-fedora-clang | 1.1.3 | 108.30 | OK | |||
r-devel-linux-x86_64-fedora-gcc | 1.1.3 | 117.61 | OK | |||
r-devel-windows-x86_64 | 1.1.3 | 7.00 | 74.00 | 81.00 | OK | |
r-patched-linux-x86_64 | 1.1.3 | 7.14 | 59.63 | 66.77 | OK | |
r-release-linux-x86_64 | 1.1.3 | 6.36 | 59.88 | 66.24 | OK | |
r-release-macos-arm64 | 1.1.3 | 48.00 | OK | |||
r-release-macos-x86_64 | 1.1.3 | 80.00 | OK | |||
r-release-windows-x86_64 | 1.1.3 | 8.00 | 75.00 | 83.00 | OK | |
r-oldrel-macos-arm64 | 1.1.3 | 39.00 | OK | |||
r-oldrel-macos-x86_64 | 1.1.3 | 61.00 | OK | |||
r-oldrel-windows-x86_64 | 1.1.3 | 10.00 | 95.00 | 105.00 | OK |
Version: 1.1.3
Check: CRAN incoming feasibility
Result: NOTE
Maintainer: ‘Marie Perrot-Dockès <marie.perrocks@gmail.com>’
No Authors@R field in DESCRIPTION.
Please add one, modifying
Authors@R: c(person(given = "Marie",
family = "Perrot-Dockès",
role = c("aut", "cre"),
email = "marie.perrocks@gmail.com"),
person(given = "Céline",
family = "Lévy-Leduc",
role = "aut"),
person(given = "Julien",
family = "Chiquet",
role = "aut"))
as necessary.
File 'R/MultiVarSel-internal.R' sets .Random.seed.
This is usually neither needed nor wanted.
The Description field contains
<arXiv:1704.00076>.
Please refer to arXiv e-prints via their arXiv DOI <doi:10.48550/arXiv.YYMM.NNNNN>.
Flavors: r-devel-linux-x86_64-debian-clang, r-devel-linux-x86_64-debian-gcc