CRAN Package Check Results for Package NFLSimulatoR

Last updated on 2025-07-25 03:51:30 CEST.

Flavor Version Tinstall Tcheck Ttotal Status Flags
r-devel-linux-x86_64-debian-clang 0.4.0 3.49 48.74 52.23 OK
r-devel-linux-x86_64-debian-gcc 0.4.0 2.17 40.15 42.32 OK
r-devel-linux-x86_64-fedora-clang 0.4.0 76.15 NOTE
r-devel-linux-x86_64-fedora-gcc 0.4.0 87.44 NOTE
r-devel-windows-x86_64 0.4.0 4.00 62.00 66.00 OK
r-patched-linux-x86_64 0.4.0 3.13 48.42 51.55 OK
r-release-linux-x86_64 0.4.0 3.16 46.55 49.71 OK
r-release-macos-arm64 0.4.0 40.00 OK
r-release-macos-x86_64 0.4.0 143.00 OK
r-release-windows-x86_64 0.4.0 5.00 60.00 65.00 OK
r-oldrel-macos-arm64 0.4.0 38.00 OK
r-oldrel-macos-x86_64 0.4.0 52.00 OK
r-oldrel-windows-x86_64 0.4.0 5.00 72.00 77.00 OK

Check Details

Version: 0.4.0
Check: dependencies in R code
Result: NOTE Namespace in Imports field not imported from: ‘nflfastR’ All declared Imports should be used. Flavors: r-devel-linux-x86_64-fedora-clang, r-devel-linux-x86_64-fedora-gcc